 

{"id":6050,"date":"2015-04-29T09:48:35","date_gmt":"2015-04-29T06:48:35","guid":{"rendered":"https:\/\/kauppa.ursa.fi\/kauppa\/?page_id=6050"},"modified":"2024-11-08T14:37:17","modified_gmt":"2024-11-08T12:37:17","slug":"okulaaritaulukko","status":"publish","type":"page","link":"https:\/\/kauppa.ursa.fi\/kauppa\/okulaaritaulukko\/","title":{"rendered":"Okulaaritaulukko"},"content":{"rendered":"<p>Kaukoputken kuvaan saadaan erilaisia suurennuksia vaihtamalla okulaareja, mutta kaukoputken erotuskyky asettaa yl\u00e4rajan suurimmalle k\u00e4ytt\u00f6kelpoiselle suurennukselle. Erotuskyky taas riippuu linssin tai peilin l\u00e4pimitasta, joten pienill\u00e4 putkilla maksimisuurennuksetkin ovat pieni\u00e4. Ei siis kannata tuijottaa kaukoputken suuria suurennuslukemia. Sen sijaan on hyv\u00e4 muistaa, ett\u00e4 pieni suurennus tarjoaa kirkkaan ja laajan n\u00e4kym\u00e4n. Kohteen etsimisess\u00e4 laaja n\u00e4k\u00f6kentt\u00e4 on etu. Pienen suurennuksen antavaan pitk\u00e4polttov\u00e4liseen okulaariin on lis\u00e4ksi helpompi katsoa kuin lyhytpolttov\u00e4liseen.<\/p>\n<p>Alla taulukoituna Ursan suosituimpien kaukoputkien suurennoksia eri okulaareilla. Okulaarien polttov\u00e4li on ilmoitettu ylimm\u00e4ll\u00e4 rivill\u00e4. Kaukoputki-mallit on lueteltu vasemmanpuoleisella sarakkeella. <\/p>\n\n\n<figure class=\"wp-block-table\"><table class=\"has-fixed-layout\"><tbody><tr><td><\/td><td>6mm<\/td><td>9mm<\/td><td>10mm<\/td><td>25mm<\/td><td>32mm<\/td><td>40mm<\/td><\/tr><tr><td>Skymax-90<\/td><td>x208<\/td><td>x139<\/td><td>x125<\/td><td>x50<\/td><td>x39<\/td><td>x31<\/td><\/tr><tr><td>Skymax-102<\/td><td>x217<\/td><td>x144<\/td><td>x130<\/td><td>x52<\/td><td>x41<\/td><td>x33<\/td><\/tr><tr><td>Skymax-127<\/td><td>x250<\/td><td>x167<\/td><td>x150<\/td><td>x60<\/td><td>x47<\/td><td>x38<\/td><\/tr><tr><td>Starquest-102MC<\/td><td>x217<\/td><td>x144<\/td><td>x130<\/td><td>x52<\/td><td>x41<\/td><td>x33<\/td><\/tr><tr><td>Starquest-102R<\/td><td>x83<\/td><td>x56<\/td><td>x50<\/td><td>x20<\/td><td>x16<\/td><td>x13<\/td><\/tr><tr><td>Explorer-130 PDS<\/td><td>x75<\/td><td>x50<\/td><td>x45<\/td><td>x18<\/td><td>x14<\/td><td>x11<\/td><\/tr><tr><td>Explorer-150 PDS<\/td><td>x123<\/td><td>x82<\/td><td>x74<\/td><td>x30<\/td><td>x23<\/td><td>x19<\/td><\/tr><tr><td>Skyliner-200<\/td><td>x200<\/td><td>x133<\/td><td>x120<\/td><td>x48<\/td><td>x38<\/td><td>x30<\/td><\/tr><\/tbody><\/table><\/figure>\n","protected":false},"excerpt":{"rendered":"<p>Kaukoputken kuvaan saadaan erilaisia suurennuksia vaihtamalla okulaareja, mutta kaukoputken erotuskyky asettaa yl\u00e4rajan suurimmalle k\u00e4ytt\u00f6kelpoiselle suurennukselle. Erotuskyky taas riippuu linssin tai peilin l\u00e4pimitasta, joten pienill\u00e4 putkilla maksimisuurennuksetkin ovat pieni\u00e4. Ei siis [&hellip;]<\/p>\n","protected":false},"author":1,"featured_media":0,"parent":0,"menu_order":0,"comment_status":"closed","ping_status":"closed","template":"","meta":{"footnotes":""},"class_list":["post-6050","page","type-page","status-publish","hentry"],"_links":{"self":[{"href":"https:\/\/kauppa.ursa.fi\/kauppa\/wp-json\/wp\/v2\/pages\/6050","targetHints":{"allow":["GET"]}}],"collection":[{"href":"https:\/\/kauppa.ursa.fi\/kauppa\/wp-json\/wp\/v2\/pages"}],"about":[{"href":"https:\/\/kauppa.ursa.fi\/kauppa\/wp-json\/wp\/v2\/types\/page"}],"author":[{"embeddable":true,"href":"https:\/\/kauppa.ursa.fi\/kauppa\/wp-json\/wp\/v2\/users\/1"}],"replies":[{"embeddable":true,"href":"https:\/\/kauppa.ursa.fi\/kauppa\/wp-json\/wp\/v2\/comments?post=6050"}],"version-history":[{"count":5,"href":"https:\/\/kauppa.ursa.fi\/kauppa\/wp-json\/wp\/v2\/pages\/6050\/revisions"}],"predecessor-version":[{"id":98205,"href":"https:\/\/kauppa.ursa.fi\/kauppa\/wp-json\/wp\/v2\/pages\/6050\/revisions\/98205"}],"wp:attachment":[{"href":"https:\/\/kauppa.ursa.fi\/kauppa\/wp-json\/wp\/v2\/media?parent=6050"}],"curies":[{"name":"wp","href":"https:\/\/api.w.org\/{rel}","templated":true}]}}