 

{"id":10306,"date":"2016-08-05T14:37:09","date_gmt":"2016-08-05T11:37:09","guid":{"rendered":"https:\/\/kauppa.ursa.fi\/kauppa\/?post_type=product&#038;p=10306"},"modified":"2026-04-08T12:06:25","modified_gmt":"2026-04-08T09:06:25","slug":"otsonipaivakirjat","status":"publish","type":"product","link":"https:\/\/kauppa.ursa.fi\/kauppa\/tuote\/otsonipaivakirjat\/","title":{"rendered":"Otsonip\u00e4iv\u00e4kirjat"},"content":{"rendered":"<div class=\"page\" title=\"Page 2\">\n<div class=\"section\">\n<div class=\"layoutArea\">\n<p>Sarjakuvakirja tieteen tekemisest\u00e4 ja vaihtovuoden seikkailuista ulkomailla.<\/p>\n<p>Ilmakeh\u00e4tutkija Paavo l\u00e4htee tuoreena tohtorina ja perheenis\u00e4n\u00e4 yksin Kuopiosta maailmalle tutkimaan otsonia satelliittimittauksilla. Tutkijan arki uudessa maassa ei l\u00e4hde liikkeelle kommelluksitta, mutta Paavo vannoo uskollisuutta kuningattarelle, tutkii ja julkaisee varusteinaan tiede ja polkupy\u00f6r\u00e4.<\/p>\n<p>Pentti Otsamo (kuvitus) on palkittu sarjakuvantekij\u00e4 ja kuvittaja. Tero Mielonen (teksti) on ilmakeh\u00e4tutkija ja innokas sarjakuvaharrastaja.<\/p>\n<\/div>\n<h3><span style=\"color: #333399\">Kirjasta sanottua<\/span><\/h3>\n<p><a href=\"https:\/\/kauppa.ursa.fi\/kauppa\/wp-content\/uploads\/2016\/11\/Otsoni_TA0616.pdf\" target=\"_blank\" rel=\"noopener noreferrer\"><img loading=\"lazy\" decoding=\"async\" class=\"size-full wp-image-11736 alignleft\" src=\"https:\/\/kauppa.ursa.fi\/kauppa\/wp-content\/uploads\/2016\/11\/arvionappi_p.png\" alt=\"arvionappi_p\" width=\"85\" height=\"60\" \/><\/a><span style=\"color: #3366ff\"><a style=\"color: #3366ff\" href=\"https:\/\/kauppa.ursa.fi\/kauppa\/wp-content\/uploads\/2016\/11\/Otsoni_TA0616.pdf\" target=\"_blank\" rel=\"noopener noreferrer\">Tutkija Tiera Laitisen arvio<br \/>\nT\u00e4hdet ja avaruus 6\/2016<\/a><\/span><\/p>\n<\/div>\n<p>&nbsp;<\/p>\n<div class=\"section\">\n<p>Tekij\u00e4t laativat Otsonip\u00e4iv\u00e4kirjojen pohjalta <span style=\"color: #3366ff\"><a style=\"color: #3366ff\" href=\"https:\/\/open.spotify.com\/user\/tmielone\/playlist\/27j8s93Hg33K3MhkivMLj5\" target=\"_blank\" rel=\"noopener noreferrer\">Spotify-soittolistan<\/a><\/span>, jota voi kuunnella kirjaa lukiessaan tai ihan muuten vain. Otsonip\u00e4iv\u00e4kirjat ovat my\u00f6s<a href=\"https:\/\/www.facebook.com\/otsonipaivakirjat\/\" target=\"_blank\" rel=\"noopener noreferrer\"><span style=\"color: #3366ff\"> Facebookissa<\/span>.<\/a><\/p>\n<\/div>\n<p>Tero Mielosen radiohaastattelu kuultavissa <a href=\"http:\/\/areena.yle.fi\/1-3683259\"><span style=\"color: #3366ff\">Yle Areenassa<\/span>.<\/a><\/p>\n<p>&nbsp;<\/p>\n<\/div>\n","protected":false},"excerpt":{"rendered":"<p>Sarjakuvakirja tieteen tekemisest\u00e4 ja vaihtovuoden seikkailuista ulkomailla.<\/p>\n","protected":false},"featured_media":10309,"comment_status":"open","ping_status":"closed","template":"","meta":[],"product_brand":[],"product_cat":[6,2345,1574,10],"product_tag":[],"class_list":{"0":"post-10306","1":"product","2":"type-product","3":"status-publish","4":"has-post-thumbnail","6":"product_cat-kirjakauppa","7":"product_cat-lahjaideat-lapsille-ja-nuorille","8":"product_cat-lapsille","9":"product_cat-muut-tietokirjat","10":"product_shipping_class-kirjakauppa","11":"pa_hintavaihtoehdot-jasenhinta","12":"pa_hintavaihtoehdot-suositushinta","13":"pa_isbn-1958","14":"pa_issn-ursan-julkaisuja-149","15":"pa_tekija-tero-mielonen-ja-pentti-otsamo","17":"first","18":"instock","19":"featured","20":"taxable","21":"shipping-taxable","22":"purchasable","23":"product-type-variable","24":"has-default-attributes"},"exclude_global_add_ons":[],"addons":[],"_links":{"self":[{"href":"https:\/\/kauppa.ursa.fi\/kauppa\/wp-json\/wp\/v2\/product\/10306","targetHints":{"allow":["GET"]}}],"collection":[{"href":"https:\/\/kauppa.ursa.fi\/kauppa\/wp-json\/wp\/v2\/product"}],"about":[{"href":"https:\/\/kauppa.ursa.fi\/kauppa\/wp-json\/wp\/v2\/types\/product"}],"replies":[{"embeddable":true,"href":"https:\/\/kauppa.ursa.fi\/kauppa\/wp-json\/wp\/v2\/comments?post=10306"}],"wp:featuredmedia":[{"embeddable":true,"href":"https:\/\/kauppa.ursa.fi\/kauppa\/wp-json\/wp\/v2\/media\/10309"}],"wp:attachment":[{"href":"https:\/\/kauppa.ursa.fi\/kauppa\/wp-json\/wp\/v2\/media?parent=10306"}],"wp:term":[{"taxonomy":"product_brand","embeddable":true,"href":"https:\/\/kauppa.ursa.fi\/kauppa\/wp-json\/wp\/v2\/product_brand?post=10306"},{"taxonomy":"product_cat","embeddable":true,"href":"https:\/\/kauppa.ursa.fi\/kauppa\/wp-json\/wp\/v2\/product_cat?post=10306"},{"taxonomy":"product_tag","embeddable":true,"href":"https:\/\/kauppa.ursa.fi\/kauppa\/wp-json\/wp\/v2\/product_tag?post=10306"}],"curies":[{"name":"wp","href":"https:\/\/api.w.org\/{rel}","templated":true}]}}