 

{"id":11763,"date":"2016-12-01T11:36:43","date_gmt":"2016-12-01T09:36:43","guid":{"rendered":"https:\/\/kauppa.ursa.fi\/kauppa\/?post_type=product&#038;p=11763"},"modified":"2022-12-13T13:43:50","modified_gmt":"2022-12-13T11:43:50","slug":"galaksit-2","status":"publish","type":"product","link":"https:\/\/kauppa.ursa.fi\/kauppa\/tuote\/galaksit-2\/","title":{"rendered":"Galaksit (loppuunmyyty)"},"content":{"rendered":"<div class=\"page\" title=\"Page 2\">\n<div class=\"layoutArea\">\n<div class=\"column\">\n<p>Galaksit eiv\u00e4t ole itsen\u00e4isi\u00e4 avaruuden saaria, kuten aiemmin ajateltiin, vaan ne muodostavat keskin\u00e4isten t\u00f6rm\u00e4ysten ja kannibalismin taistelukent\u00e4n. Omasta Linnunradastammekin on l\u00f6ytynyt j\u00e4lki\u00e4 viimeaikaisista ja jopa k\u00e4ynniss\u00e4 olevista pikkugalaksien t\u00f6rm\u00e4yksist\u00e4.<\/p>\n<p>Pime\u00e4n energian ja aineen l\u00f6ytyminen on siirt\u00e4nyt galaksien ja koko maailmankaikkeuden tutkimuksen uusille urille. Galaksien synty\u00e4 kuvaavat teoriat ja tietokonesimulaatiot istuivat havaintoihin vasta kun pime\u00e4 aine l\u00f6ytyi.<\/p>\n<p>Galaksien tutkimus ja kosmologia kulkevat k\u00e4si k\u00e4dess\u00e4. Kirja keskittyy galakseihin, mutta antaa samalla kuvan koko maailmankaikkeuden tutkimuksen nykytilasta. Uusin tutkimustieto havainnollistuu 270 v\u00e4rivalokuvan ja kaavion avulla.<\/p>\n<p>Professori ja tietokirjailija Heikki Oja on moneen kertaan palkittu t\u00e4htitiedekirjoistaan.<\/p>\n<p><em>Ensimm\u00e4isten t\u00e4htien ja galaksien synty tapahtui parisataa miljoonaa vuotta alkur\u00e4j\u00e4hdyksen j\u00e4lkeen. Avaruuden t\u00e4ytt\u00e4v\u00e4 kaasu oli kylmemp\u00e4\u00e4 kuin koskaan aikaisemmin tai my\u00f6hemmin ja se pystyi tiivistym\u00e4\u00e4n pime\u00e4n aineen muodostamiin valmiisiin painovoimakuoppiin.<\/em><\/p>\n<p><em>Pitki\u00e4 h\u00e4nti\u00e4, t\u00e4htivirtoja, salaper\u00e4isi\u00e4 kehi\u00e4 ja v\u00e4reit\u00e4, rengasgalakseja\u2026 Galaksien keskin\u00e4iset kohtaamiset tuottavat taivaalle uudenlaisia muotoja ja aivan uudenmallisia galakseja.<\/em><\/p>\n<p><em>Maailmankaikkeuden suurimman mittakaavan rakenne ja galaksien<\/em><br \/>\n<em>koko n\u00e4ytt\u00e4\u00e4 olevan seurausta Heisenbergin ep\u00e4tarkkuusperiaatteesta. Universumin alkuhetkien kvanttiaaltoilu on 13,8 miljardissa vuodessa kasvanut nykyavaruuden mahtavaksi verkostoksi.<\/em><\/p>\n<p><em>On kuin luonto n\u00e4ytt\u00e4isi ihmiselle keskisormea ja toteaisi vinosti hymyillen, ett\u00e4 kvanttifysiikan ja painovoimaa koskevien teorioiden yhdist\u00e4misess\u00e4 on selv\u00e4sti viel\u00e4 s\u00e4\u00e4dett\u00e4v\u00e4\u00e4.<\/em><\/p>\n<div class=\"page\" title=\"Page 2\">\n<div class=\"layoutArea\">\n<div class=\"column\">\n<div class=\"page\" title=\"Page 2\">\n<div class=\"layoutArea\">\n<div class=\"column\">\n<p><strong>Sis\u00e4llys<\/strong><br \/>\nSyv\u00e4n avaruuden vuosisata<br \/>\n1 Galaksien kartoittajat<br \/>\n2 Galaksi sis\u00e4lt\u00e4p\u00e4in<br \/>\n3 Paikallinen galaksiryhm\u00e4<br \/>\n4 Tavalliset galaksit<br \/>\n5 Aktiiviset galaksit<br \/>\n6 T\u00f6rm\u00e4\u00e4v\u00e4t galaksit<br \/>\n7 Galaksijoukot<br \/>\n8 Kaukaisimmat galaksit<br \/>\n9 Nykyinen standardikosmologia<br \/>\n10 Galaksien synty ja kehitys<\/p>\n<\/div>\n<\/div>\n<\/div>\n<\/div>\n<\/div>\n<\/div>\n<\/div>\n<\/div>\n<\/div>\n","protected":false},"excerpt":{"rendered":"<p>Heikki Ojan uutuus pureutuu maailmankaikkeuden perusrakenneosiin\u00a0eli galakseihin. Galaksien tutkimus ja kosmologia kulkevat k\u00e4si k\u00e4dess\u00e4.<\/p>\n<p>&nbsp;<\/p>\n","protected":false},"featured_media":10485,"comment_status":"open","ping_status":"closed","template":"","meta":[],"product_brand":[],"product_cat":[8],"product_tag":[],"class_list":{"0":"post-11763","1":"product","2":"type-product","3":"status-publish","4":"has-post-thumbnail","6":"product_cat-tahtitiede","7":"product_shipping_class-kirjakauppa","8":"pa_hintavaihtoehdot-jasenhinta","9":"pa_hintavaihtoehdot-suositushinta","10":"pa_isbn-1984","11":"pa_sidontamalli-nid","12":"pa_sivumaara-462","13":"pa_tekija-heikki-oja","15":"first","16":"outofstock","17":"featured","18":"taxable","19":"shipping-taxable","20":"purchasable","21":"product-type-variable","22":"has-default-attributes"},"exclude_global_add_ons":[],"addons":[],"_links":{"self":[{"href":"https:\/\/kauppa.ursa.fi\/kauppa\/wp-json\/wp\/v2\/product\/11763","targetHints":{"allow":["GET"]}}],"collection":[{"href":"https:\/\/kauppa.ursa.fi\/kauppa\/wp-json\/wp\/v2\/product"}],"about":[{"href":"https:\/\/kauppa.ursa.fi\/kauppa\/wp-json\/wp\/v2\/types\/product"}],"replies":[{"embeddable":true,"href":"https:\/\/kauppa.ursa.fi\/kauppa\/wp-json\/wp\/v2\/comments?post=11763"}],"wp:featuredmedia":[{"embeddable":true,"href":"https:\/\/kauppa.ursa.fi\/kauppa\/wp-json\/wp\/v2\/media\/10485"}],"wp:attachment":[{"href":"https:\/\/kauppa.ursa.fi\/kauppa\/wp-json\/wp\/v2\/media?parent=11763"}],"wp:term":[{"taxonomy":"product_brand","embeddable":true,"href":"https:\/\/kauppa.ursa.fi\/kauppa\/wp-json\/wp\/v2\/product_brand?post=11763"},{"taxonomy":"product_cat","embeddable":true,"href":"https:\/\/kauppa.ursa.fi\/kauppa\/wp-json\/wp\/v2\/product_cat?post=11763"},{"taxonomy":"product_tag","embeddable":true,"href":"https:\/\/kauppa.ursa.fi\/kauppa\/wp-json\/wp\/v2\/product_tag?post=11763"}],"curies":[{"name":"wp","href":"https:\/\/api.w.org\/{rel}","templated":true}]}}