 

{"id":120163,"date":"2025-08-19T11:38:36","date_gmt":"2025-08-19T08:38:36","guid":{"rendered":"https:\/\/kauppa.ursa.fi\/kauppa\/?post_type=product&#038;p=120163"},"modified":"2026-04-16T14:35:47","modified_gmt":"2026-04-16T11:35:47","slug":"sky-watcher-starquest-dx-102r","status":"publish","type":"product","link":"https:\/\/kauppa.ursa.fi\/kauppa\/tuote\/sky-watcher-starquest-dx-102r\/","title":{"rendered":"Sky-Watcher StarQuest-DX 102R"},"content":{"rendered":"<p>StarQuest-DX 102R putki on uusi malli ja optiikaltaan akromaattinen linssikaukoputki, joka vastaa edelt\u00e4j\u00e4\u00e4ns\u00e4 Starquest-102R-kaukoputkea. Jalusta on parantunut ja tukevoitunut. Lyhyt polttov\u00e4li takaa suuren n\u00e4k\u00f6kent\u00e4n. Suljettu rakenne tekee kaukoputkesta helppohoitoisen. Kolmijalkainen ekvatoriaalinen Starquest on kevytrakenteinen, ja helppo kuljettaa havaintopaikalle tai ottaa vaikka matkalle mukaan. Starquest soveltuu my\u00f6s lahjaksi tai t\u00e4htiharrastuksen aloittamiseen.<\/p>\n<p>StarQuest-DX 102R kaukoputken objektiivin halkaisija on 102mm. T\u00e4m\u00e4n kokoinen kaukoputki on omiaan yleiseen harrastelijak\u00e4ytt\u00f6\u00f6n, sill\u00e4 valovoima riitt\u00e4v\u00e4 monenlaisiin kohteisiin. Putken paino on eritt\u00e4in kevyt. Mukana tulevat kaksi okulaaria antavat suurennukset, jotka sopivat hyvin esimerkiksi Kuun, avonaisten t\u00e4htijoukkojen ja kirkkaimpien galaksien katseluun. <a href=\"https:\/\/kauppa.ursa.fi\/kauppa\/tuote-osasto\/kaukoputkikauppa\/lisavarusteet\/\" target=\"_blank\" rel=\"noopener noreferrer\">Lis\u00e4varusteena<\/a> on saatavilla mm. <a href=\"https:\/\/kauppa.ursa.fi\/kauppa\/tuote-osasto\/kaukoputkikauppa\/okulaarit\/\" target=\"_blank\" rel=\"noopener noreferrer\">erilaisia okulaareja<\/a>. StarQuestin jalustan kevyen rakenteen takia emme suosittele putkessa k\u00e4ytett\u00e4v\u00e4ksi painavia lis\u00e4varusteita: kameraa, raskaita okulaareja, kuten esim. zoomit tai painavaa aurinkosuodatinta.<\/p>\n<p>Ursasta ostettavan kaukoputken hintaan sis\u00e4ltyy lis\u00e4ksi uusin T\u00e4hdet-vuosikirja ja Kaukoputket &#8211; k\u00e4ytt\u00e4j\u00e4n opas. Noudon yhteydess\u00e4 saat alkuopastuksen kaukoputken k\u00e4ytt\u00f6\u00f6n.<\/p>\n<p>Ensimm\u00e4ist\u00e4 kaukoputkea ostamassa? Tutustu <a style=\"color: blue;\" href=\"https:\/\/kauppa.ursa.fi\/kauppa\/kaukoputken-ostajan-opas\/\">kaukoputken ostajan oppaaseen<\/a>.<\/p>\n","protected":false},"excerpt":{"rendered":"<p>Uusi linssikaukoputki ja jalusta.<\/p>\n<p>&nbsp;<\/p>\n","protected":false},"featured_media":120162,"comment_status":"open","ping_status":"closed","template":"","meta":[],"product_brand":[],"product_cat":[2344,2339,1869,14,2364,7],"product_tag":[],"class_list":{"0":"post-120163","1":"product","2":"type-product","3":"status-publish","4":"has-post-thumbnail","6":"product_cat-aloittelevalle-tahtiharrastajalle","7":"product_cat-aloittelijalle","8":"product_cat-helpostialkuun","9":"product_cat-kaukoputket","10":"product_cat-kaukoputket-ja-kiikarit","11":"product_cat-kaukoputkikauppa","12":"product_shipping_class-havainto","13":"pa_hintavaihtoehdot-jasenhinta","14":"pa_hintavaihtoehdot-suositushinta","15":"pa_optiikka-akromaatti","16":"pa_valmistaja-skywatcher","18":"first","19":"instock","20":"taxable","21":"shipping-taxable","22":"purchasable","23":"product-type-variable"},"exclude_global_add_ons":[],"addons":[],"_links":{"self":[{"href":"https:\/\/kauppa.ursa.fi\/kauppa\/wp-json\/wp\/v2\/product\/120163","targetHints":{"allow":["GET"]}}],"collection":[{"href":"https:\/\/kauppa.ursa.fi\/kauppa\/wp-json\/wp\/v2\/product"}],"about":[{"href":"https:\/\/kauppa.ursa.fi\/kauppa\/wp-json\/wp\/v2\/types\/product"}],"replies":[{"embeddable":true,"href":"https:\/\/kauppa.ursa.fi\/kauppa\/wp-json\/wp\/v2\/comments?post=120163"}],"wp:featuredmedia":[{"embeddable":true,"href":"https:\/\/kauppa.ursa.fi\/kauppa\/wp-json\/wp\/v2\/media\/120162"}],"wp:attachment":[{"href":"https:\/\/kauppa.ursa.fi\/kauppa\/wp-json\/wp\/v2\/media?parent=120163"}],"wp:term":[{"taxonomy":"product_brand","embeddable":true,"href":"https:\/\/kauppa.ursa.fi\/kauppa\/wp-json\/wp\/v2\/product_brand?post=120163"},{"taxonomy":"product_cat","embeddable":true,"href":"https:\/\/kauppa.ursa.fi\/kauppa\/wp-json\/wp\/v2\/product_cat?post=120163"},{"taxonomy":"product_tag","embeddable":true,"href":"https:\/\/kauppa.ursa.fi\/kauppa\/wp-json\/wp\/v2\/product_tag?post=120163"}],"curies":[{"name":"wp","href":"https:\/\/api.w.org\/{rel}","templated":true}]}}