 

{"id":120749,"date":"2025-09-25T09:34:11","date_gmt":"2025-09-25T06:34:11","guid":{"rendered":"https:\/\/kauppa.ursa.fi\/kauppa\/?post_type=product&#038;p=120749"},"modified":"2026-04-18T20:55:29","modified_gmt":"2026-04-18T17:55:29","slug":"miksi-kuu-ei-putoa-lasten-kysymyksia-avaruudesta","status":"publish","type":"product","link":"https:\/\/kauppa.ursa.fi\/kauppa\/tuote\/miksi-kuu-ei-putoa-lasten-kysymyksia-avaruudesta\/","title":{"rendered":"Miksi Kuu ei putoa? &#8211; Lasten kysymyksi\u00e4 avaruudesta"},"content":{"rendered":"<p>Ursan tiedeviestij\u00e4 <strong>Anne Liljestr\u00f6m<\/strong> on tehnyt kymmeni\u00e4 kouluvierailuja teemalla kysy mit\u00e4 vain avaruudesta. H\u00e4n on ker\u00e4nnyt 84 lasten esitt\u00e4m\u00e4\u00e4 suorasukaista kysymyst\u00e4 kirjaksi ja laatinut niihin lapsille sovitetut havainnolliset vastaukset sek\u00e4 hauskat kuvitukset. Kirja sopii kuitenkin kaikille, jotka etsiv\u00e4t selkeit\u00e4 vastauksia j\u00e4nniin avaruuskysymyksiin.<\/p>\n<p>Lue <a href=\"https:\/\/kauppa.ursa.fi\/kauppa\/wp-content\/uploads\/2025\/09\/Miksi_Kuu_ei_putoa_nayte.pdf\">n\u00e4yte<\/a> kirjasta.<\/p>\n<p>Miksi maapallo on py\u00f6re\u00e4?<br \/>\nMiksi t\u00e4hdet eiv\u00e4t n\u00e4y p\u00e4iv\u00e4ll\u00e4?<br \/>\nKuinka monta t\u00e4hte\u00e4 avaruudessa on?<br \/>\nMiten avaruudesta p\u00e4\u00e4see pois?<br \/>\nMinne avaruus loppuu?<br \/>\nVoiko maapallo r\u00e4j\u00e4ht\u00e4\u00e4?<\/p>\n<p><strong>Ik\u00e4suositus:<\/strong> alakouluik\u00e4isist\u00e4 alkaen, t\u00e4t\u00e4 nuoremmat voivat lukea kirjaa aikuisten kanssa. Kirja sopii kuitenkin hyvin my\u00f6s nuorille ja aikuisille.<\/p>\n","protected":false},"excerpt":{"rendered":"<p>Miksi maapallo on py\u00f6re\u00e4? Miten avaruudesta p\u00e4\u00e4see pois? Miksi t\u00e4hdet eiv\u00e4t n\u00e4y p\u00e4iv\u00e4ll\u00e4?<\/p>\n","protected":false},"featured_media":120895,"comment_status":"open","ping_status":"closed","template":"","meta":[],"product_brand":[],"product_cat":[2108,2346,2345,1692,8,10,1574],"product_tag":[],"class_list":{"0":"post-120749","1":"product","2":"type-product","3":"status-publish","4":"has-post-thumbnail","6":"product_cat-uncategorized","7":"product_cat-avaruusfanille","8":"product_cat-lahjaideat-lapsille-ja-nuorille","9":"product_cat-uutuudet","10":"product_cat-tahtitiede","11":"product_cat-muut-tietokirjat","12":"product_cat-lapsille","13":"product_shipping_class-kirjakauppa","14":"pa_hintavaihtoehdot-jasenhinta","15":"pa_hintavaihtoehdot-suositushinta","16":"pa_isbn-2320","17":"pa_sivumaara-46","18":"pa_tekija-anne-liljestrom","20":"first","21":"instock","22":"taxable","23":"shipping-taxable","24":"purchasable","25":"product-type-variable"},"exclude_global_add_ons":[],"addons":[],"_links":{"self":[{"href":"https:\/\/kauppa.ursa.fi\/kauppa\/wp-json\/wp\/v2\/product\/120749","targetHints":{"allow":["GET"]}}],"collection":[{"href":"https:\/\/kauppa.ursa.fi\/kauppa\/wp-json\/wp\/v2\/product"}],"about":[{"href":"https:\/\/kauppa.ursa.fi\/kauppa\/wp-json\/wp\/v2\/types\/product"}],"replies":[{"embeddable":true,"href":"https:\/\/kauppa.ursa.fi\/kauppa\/wp-json\/wp\/v2\/comments?post=120749"}],"wp:featuredmedia":[{"embeddable":true,"href":"https:\/\/kauppa.ursa.fi\/kauppa\/wp-json\/wp\/v2\/media\/120895"}],"wp:attachment":[{"href":"https:\/\/kauppa.ursa.fi\/kauppa\/wp-json\/wp\/v2\/media?parent=120749"}],"wp:term":[{"taxonomy":"product_brand","embeddable":true,"href":"https:\/\/kauppa.ursa.fi\/kauppa\/wp-json\/wp\/v2\/product_brand?post=120749"},{"taxonomy":"product_cat","embeddable":true,"href":"https:\/\/kauppa.ursa.fi\/kauppa\/wp-json\/wp\/v2\/product_cat?post=120749"},{"taxonomy":"product_tag","embeddable":true,"href":"https:\/\/kauppa.ursa.fi\/kauppa\/wp-json\/wp\/v2\/product_tag?post=120749"}],"curies":[{"name":"wp","href":"https:\/\/api.w.org\/{rel}","templated":true}]}}