 

{"id":15979,"date":"2017-09-06T15:44:51","date_gmt":"2017-09-06T12:44:51","guid":{"rendered":"https:\/\/kauppa.ursa.fi\/kauppa\/?post_type=product&#038;p=15979"},"modified":"2019-09-18T11:34:40","modified_gmt":"2019-09-18T08:34:40","slug":"kohti-ikuisuutta","status":"publish","type":"product","link":"https:\/\/kauppa.ursa.fi\/kauppa\/tuote\/kohti-ikuisuutta\/","title":{"rendered":"Kohti ikuisuutta"},"content":{"rendered":"<p>Kolmetuhatta vuotta menneisyyteen mahtuu viel\u00e4 ajatuksiimme, mutta ent\u00e4p\u00e4 kolmetuhatta vuotta tulevaisuuteen? Onko ihmiskunnalla tulevaisuutta? Monen mielest\u00e4 se on jo allekirjoittanut oman kuolemantuomionsa. Vai el\u00e4mmek\u00f6 sittenkin kaikkein parhaita aikoja? Ainakin luonnonvarojen loppumisen ja v\u00e4est\u00f6r\u00e4j\u00e4hdyksen aiheuttamaa maailmanloppua on lyk\u00e4tty jo monta kertaa.<\/p>\n<p>Tulevaisuuskomiteoiden mietinn\u00f6iss\u00e4 voi viel\u00e4 vilahtaa vuosi 2100, mutta ei koskaan vuosi 21 000. Tulevaisuudessahan se kaikki todella mielenkiintoinen vasta tulee tapahtumaan. Mitk\u00e4 ovatkaan mahdollisuutemme, ja mitk\u00e4 rajamme \u2013 vai onko nykyiseen pieneen tajuntaamme mahtuvia rajoja lainkaan? Esko Valtaoja raottaa ikuisuuden esirippua.<\/p>\n<p><em>Emme edelleenk\u00e4\u00e4n tied\u00e4, minne me tai maailmankaikkeus <\/em><em>matkaamme, mutta ei ole mit\u00e4\u00e4n syyt\u00e4 olla taittamatta<\/em><em> taivalta iloisin mielin. Vaikka m\u00e4\u00e4r\u00e4np\u00e4\u00e4 onkin viel\u00e4 <\/em><em>h\u00e4m\u00e4r\u00e4n peitossa, t\u00e4h\u00e4nastinen matka lupaa hyv\u00e4\u00e4 my\u00f6s<\/em><em> tulevan kannalta.<\/em><\/p>\n","protected":false},"excerpt":{"rendered":"<p><em>Emme edelleenk\u00e4\u00e4n tied\u00e4, minne me tai maailmankaikkeus <\/em><em>matkaamme, mutta ei ole mit\u00e4\u00e4n syyt\u00e4 olla taittamatta<\/em><em> taivalta iloisin mielin. <\/em><\/p>\n","protected":false},"featured_media":15982,"comment_status":"open","ping_status":"closed","template":"","meta":[],"product_brand":[],"product_cat":[6,10],"product_tag":[],"class_list":{"0":"post-15979","1":"product","2":"type-product","3":"status-publish","4":"has-post-thumbnail","6":"product_cat-kirjakauppa","7":"product_cat-muut-tietokirjat","8":"product_shipping_class-kirjakauppa","9":"pa_hintavaihtoehdot-jasenhinta","10":"pa_hintavaihtoehdot-suositushinta","11":"pa_isbn-2061","12":"pa_sidontamalli-sid","13":"pa_sivumaara-303-s","14":"pa_tekija-esko-valtaoja","16":"first","17":"instock","18":"taxable","19":"shipping-taxable","20":"purchasable","21":"product-type-variable"},"exclude_global_add_ons":[],"addons":[],"_links":{"self":[{"href":"https:\/\/kauppa.ursa.fi\/kauppa\/wp-json\/wp\/v2\/product\/15979","targetHints":{"allow":["GET"]}}],"collection":[{"href":"https:\/\/kauppa.ursa.fi\/kauppa\/wp-json\/wp\/v2\/product"}],"about":[{"href":"https:\/\/kauppa.ursa.fi\/kauppa\/wp-json\/wp\/v2\/types\/product"}],"replies":[{"embeddable":true,"href":"https:\/\/kauppa.ursa.fi\/kauppa\/wp-json\/wp\/v2\/comments?post=15979"}],"wp:featuredmedia":[{"embeddable":true,"href":"https:\/\/kauppa.ursa.fi\/kauppa\/wp-json\/wp\/v2\/media\/15982"}],"wp:attachment":[{"href":"https:\/\/kauppa.ursa.fi\/kauppa\/wp-json\/wp\/v2\/media?parent=15979"}],"wp:term":[{"taxonomy":"product_brand","embeddable":true,"href":"https:\/\/kauppa.ursa.fi\/kauppa\/wp-json\/wp\/v2\/product_brand?post=15979"},{"taxonomy":"product_cat","embeddable":true,"href":"https:\/\/kauppa.ursa.fi\/kauppa\/wp-json\/wp\/v2\/product_cat?post=15979"},{"taxonomy":"product_tag","embeddable":true,"href":"https:\/\/kauppa.ursa.fi\/kauppa\/wp-json\/wp\/v2\/product_tag?post=15979"}],"curies":[{"name":"wp","href":"https:\/\/api.w.org\/{rel}","templated":true}]}}