 

{"id":19743,"date":"2018-04-26T16:02:35","date_gmt":"2018-04-26T13:02:35","guid":{"rendered":"https:\/\/kauppa.ursa.fi\/kauppa\/?post_type=product&#038;p=19743"},"modified":"2020-02-25T09:57:41","modified_gmt":"2020-02-25T07:57:41","slug":"maailmanloppu-peruttu","status":"publish","type":"product","link":"https:\/\/kauppa.ursa.fi\/kauppa\/tuote\/maailmanloppu-peruttu\/","title":{"rendered":"Maailmanloppu peruttu"},"content":{"rendered":"<p>Esko Valtaoja on viihdytt\u00e4nyt ja valistanut ilolla ja suurella syd\u00e4mell\u00e4 my\u00f6s lukuisilla kolumneillaan. H\u00e4n uskaltaa sanoa asiat suoraan eik\u00e4 tassuttele keskitiell\u00e4 silt\u00e4 varalta, ett\u00e4 joku suuttuisi. T\u00e4h\u00e4n kirjaan valituissa kolumneissa Valtaoja k\u00e4sittelee laajasti yhteiskunnallisia asioita ja tietenkin tiedett\u00e4 ja tutkimusta.<\/p>\n<p>&#8221;Kolumnini koettavat yll\u00e4pit\u00e4\u00e4 ja edist\u00e4\u00e4 j\u00e4rke\u00e4, tiedett\u00e4 ja humanismia. Ja jotta homma ei menisi liian paskant\u00e4rke\u00e4ksi, maustan kaikkea itselleni luontaisilla periaatteilla: n\u00e4s\u00e4viisaalla kaikkitiet\u00e4vyydell\u00e4, \u00e4rsytt\u00e4misen halulla, ihmettelyll\u00e4, ylimielisyydell\u00e4, rakkaudella maailmaan ja huonolla huumorilla. Ole samaa mielt\u00e4, ole eri mielt\u00e4, ihastu, raivostu tai haukottele \u2013 mutta muista ajatella.&#8221;<\/p>\n","protected":false},"excerpt":{"rendered":"<p>Esko Valtaojan tuoreet kolumnit yksiss\u00e4 kansissa<\/p>\n","protected":false},"featured_media":19739,"comment_status":"open","ping_status":"closed","template":"","meta":[],"product_brand":[],"product_cat":[6,10],"product_tag":[],"class_list":{"0":"post-19743","1":"product","2":"type-product","3":"status-publish","4":"has-post-thumbnail","6":"product_cat-kirjakauppa","7":"product_cat-muut-tietokirjat","8":"product_shipping_class-kirjakauppa","9":"pa_hintavaihtoehdot-jasenhinta","10":"pa_hintavaihtoehdot-suositushinta","11":"pa_isbn-2149","12":"pa_sivumaara-2082","13":"pa_tekija-esko-valtaoja","15":"first","16":"instock","17":"taxable","18":"shipping-taxable","19":"purchasable","20":"product-type-variable"},"exclude_global_add_ons":[],"addons":[],"_links":{"self":[{"href":"https:\/\/kauppa.ursa.fi\/kauppa\/wp-json\/wp\/v2\/product\/19743","targetHints":{"allow":["GET"]}}],"collection":[{"href":"https:\/\/kauppa.ursa.fi\/kauppa\/wp-json\/wp\/v2\/product"}],"about":[{"href":"https:\/\/kauppa.ursa.fi\/kauppa\/wp-json\/wp\/v2\/types\/product"}],"replies":[{"embeddable":true,"href":"https:\/\/kauppa.ursa.fi\/kauppa\/wp-json\/wp\/v2\/comments?post=19743"}],"wp:featuredmedia":[{"embeddable":true,"href":"https:\/\/kauppa.ursa.fi\/kauppa\/wp-json\/wp\/v2\/media\/19739"}],"wp:attachment":[{"href":"https:\/\/kauppa.ursa.fi\/kauppa\/wp-json\/wp\/v2\/media?parent=19743"}],"wp:term":[{"taxonomy":"product_brand","embeddable":true,"href":"https:\/\/kauppa.ursa.fi\/kauppa\/wp-json\/wp\/v2\/product_brand?post=19743"},{"taxonomy":"product_cat","embeddable":true,"href":"https:\/\/kauppa.ursa.fi\/kauppa\/wp-json\/wp\/v2\/product_cat?post=19743"},{"taxonomy":"product_tag","embeddable":true,"href":"https:\/\/kauppa.ursa.fi\/kauppa\/wp-json\/wp\/v2\/product_tag?post=19743"}],"curies":[{"name":"wp","href":"https:\/\/api.w.org\/{rel}","templated":true}]}}