 

{"id":26194,"date":"2019-05-28T14:35:44","date_gmt":"2019-05-28T11:35:44","guid":{"rendered":"https:\/\/kauppa.ursa.fi\/kauppa\/?post_type=product&#038;p=26194"},"modified":"2019-12-12T15:32:05","modified_gmt":"2019-12-12T13:32:05","slug":"markkasen-galaksit","status":"publish","type":"product","link":"https:\/\/kauppa.ursa.fi\/kauppa\/tuote\/markkasen-galaksit\/","title":{"rendered":"Markkasen galaksit"},"content":{"rendered":"<p>Professori Tapio Markkanen (1942\u20132017) ansioitui paitsi astronomina my\u00f6s etev\u00e4n\u00e4 t\u00e4htitieteen historioitsijana ja yleistajuistajana. Osmo Pekonen ja Johan St\u00e9n ovat toimittaneet Tapio Markkasen muistoksi oppihistoriallisen kirjoituskokoelman.<\/p>\n<p>Sis\u00e4lt\u00f6:<\/p>\n<p>Anto Leikola: Tapio Markkanen<\/p>\n<p>Heikki Oja: Muistikuvia tiedekeskus Heurekan perustamisesta<\/p>\n<p>Timo Vuorikoski: Professori Tapio Markkasen muotokuva<\/p>\n<p>Lauri Jetsu ja Juha Pentik\u00e4inen: Algolin taivaallinen silm\u00e4nisku vuosituhansien takaa<\/p>\n<p>Osmo Pekonen: Cassinit \u2013 astronomeja is\u00e4st\u00e4 poikaan<\/p>\n<p>Johan St\u00e9n: Celsius, Ferner ja Lexell: kolmen ruotsalaisen astronomin opintomatkat Euroopassa<\/p>\n<p>Karri Muinonen: Suuri Carte du Ciel -t\u00e4htivalokuvausohjelma<\/p>\n<p>Tapio Markkasen julkaisut<\/p>\n","protected":false},"excerpt":{"rendered":"<p>Professori Tapio Markkanen (1942\u20132017) ansioitui paitsi astronomina my\u00f6s etev\u00e4n\u00e4 t\u00e4htitieteen historioitsijana ja yleistajuistajana. Osmo Pekonen ja Johan St\u00e9n ovat toimittaneet Tapio Markkasen muistoksi oppihistoriallisen kirjoituskokoelman. Sis\u00e4lt\u00f6: Anto Leikola: Tapio Markkanen [&hellip;]<\/p>\n","protected":false},"featured_media":26199,"comment_status":"open","ping_status":"closed","template":"","meta":[],"product_brand":[],"product_cat":[6,8,2108],"product_tag":[],"class_list":{"0":"post-26194","1":"product","2":"type-product","3":"status-publish","4":"has-post-thumbnail","6":"product_cat-kirjakauppa","7":"product_cat-tahtitiede","8":"product_cat-uncategorized","9":"product_shipping_class-kirjakauppa","10":"pa_hintavaihtoehdot-jasenhinta","11":"pa_hintavaihtoehdot-suositushinta","12":"pa_isbn-2109","13":"pa_sidonta-sid","14":"pa_sivumaara-2114","16":"first","17":"instock","18":"taxable","19":"shipping-taxable","20":"purchasable","21":"product-type-variable"},"exclude_global_add_ons":[],"addons":[],"_links":{"self":[{"href":"https:\/\/kauppa.ursa.fi\/kauppa\/wp-json\/wp\/v2\/product\/26194","targetHints":{"allow":["GET"]}}],"collection":[{"href":"https:\/\/kauppa.ursa.fi\/kauppa\/wp-json\/wp\/v2\/product"}],"about":[{"href":"https:\/\/kauppa.ursa.fi\/kauppa\/wp-json\/wp\/v2\/types\/product"}],"replies":[{"embeddable":true,"href":"https:\/\/kauppa.ursa.fi\/kauppa\/wp-json\/wp\/v2\/comments?post=26194"}],"wp:featuredmedia":[{"embeddable":true,"href":"https:\/\/kauppa.ursa.fi\/kauppa\/wp-json\/wp\/v2\/media\/26199"}],"wp:attachment":[{"href":"https:\/\/kauppa.ursa.fi\/kauppa\/wp-json\/wp\/v2\/media?parent=26194"}],"wp:term":[{"taxonomy":"product_brand","embeddable":true,"href":"https:\/\/kauppa.ursa.fi\/kauppa\/wp-json\/wp\/v2\/product_brand?post=26194"},{"taxonomy":"product_cat","embeddable":true,"href":"https:\/\/kauppa.ursa.fi\/kauppa\/wp-json\/wp\/v2\/product_cat?post=26194"},{"taxonomy":"product_tag","embeddable":true,"href":"https:\/\/kauppa.ursa.fi\/kauppa\/wp-json\/wp\/v2\/product_tag?post=26194"}],"curies":[{"name":"wp","href":"https:\/\/api.w.org\/{rel}","templated":true}]}}

<p>Professori Tapio Markkanen (1942–2017) ansioitui paitsi astronomina myös etevänä tähtitieteen historioitsijana ja yleistajuistajana. Osmo Pekonen ja Johan Stén ovat toimittaneet Tapio Markkasen muistoksi oppihistoriallisen kirjoituskokoelman.</p>
<p>Sisältö:</p>
<p>Anto Leikola: Tapio Markkanen</p>
<p>Heikki Oja: Muistikuvia tiedekeskus Heurekan perustamisesta</p>
<p>Timo Vuorikoski: Professori Tapio Markkasen muotokuva</p>
<p>Lauri Jetsu ja Juha Pentikäinen: Algolin taivaallinen silmänisku vuosituhansien takaa</p>
<p>Osmo Pekonen: Cassinit – astronomeja isästä poikaan</p>
<p>Johan Stén: Celsius, Ferner ja Lexell: kolmen ruotsalaisen astronomin opintomatkat Euroopassa</p>
<p>Karri Muinonen: Suuri Carte du Ciel -tähtivalokuvausohjelma</p>
<p>Tapio Markkasen julkaisut</p>

<p>Professori Tapio Markkanen (1942–2017) ansioitui paitsi astronomina myös etevänä tähtitieteen historioitsijana ja yleistajuistajana. Osmo Pekonen ja Johan Stén ovat toimittaneet Tapio Markkasen muistoksi oppihistoriallisen kirjoituskokoelman. Sisältö: Anto Leikola: Tapio Markkanen [&hellip;]</p>
