 

{"id":27585,"date":"2019-09-16T13:52:07","date_gmt":"2019-09-16T10:52:07","guid":{"rendered":"https:\/\/kauppa.ursa.fi\/kauppa\/?post_type=product&#038;p=27585"},"modified":"2020-12-02T09:53:55","modified_gmt":"2020-12-02T07:53:55","slug":"todellisuus-ei-ole-sita-milta-se-nayttaa","status":"publish","type":"product","link":"https:\/\/kauppa.ursa.fi\/kauppa\/tuote\/todellisuus-ei-ole-sita-milta-se-nayttaa\/","title":{"rendered":"Todellisuus ei ole sit\u00e4 milt\u00e4 se n\u00e4ytt\u00e4\u00e4"},"content":{"rendered":"<p><em>Jos olet lukenut Seitsem\u00e4n lyhytt\u00e4 luentoa fysiikasta ja haluat tiet\u00e4\u00e4 lis\u00e4\u00e4, t\u00e4m\u00e4 kirja on matkalippusi pidemm\u00e4lle tuon kirjan kuvaamaan outoon maailmaan.<br \/>\n<\/em><\/p>\n<p>Mist\u00e4 maailma koostuu? Teoreettinen fyysikko Carlo Rovelli luonnostelee fysiikan keskeisimpien ideoiden kehityksen ja kuvaa modernin fysiikan suurimmat keksinn\u00f6t. H\u00e4n esittelee millainen k\u00e4sitys maailmasta on kvanttigravitaation tutkimuksen taustalla ja vie lukijan matkalle kauas arkisista k\u00e4sityksist\u00e4mme. Kirjassa Rovelli esittelee laajemmin samoja teemoja kuin menestysteoksessaan Seitsem\u00e4n lyhytt\u00e4 luentoa fysiikasta.<\/p>\n<p><em>Kirja on vastaus, jonka voisin antaa yst\u00e4v\u00e4lleni h\u00e4nen kysyess\u00e4\u00e4n minulta: &#8221;Miten luulet asioiden todella olevan?&#8221;<\/em><\/p>\n<p>Kirjasta sanottua:<\/p>\n<ul>\n<li>&#8221;Suomennos on vivahteikasta kielt\u00e4 ja tavoittaa Rovellin innostuksen.&#8221; Tuula Koukku, <strong><a href=\"https:\/\/www.tiede.fi\/artikkeli\/artikkelit\/kaiken-takana-kay-kuhina\">Tiede 1\/2020<\/a><\/strong><\/li>\n<\/ul>\n","protected":false},"excerpt":{"rendered":"<p>Carlo Rovellin teos esittelee laajemmin samoja teemoja kuin aiempi menestysteos <em>Seitsem\u00e4n lyhytt\u00e4 luentoa fysiikasta<\/em>.<\/p>\n","protected":false},"featured_media":27588,"comment_status":"open","ping_status":"closed","template":"","meta":[],"product_brand":[],"product_cat":[6,10],"product_tag":[],"class_list":{"0":"post-27585","1":"product","2":"type-product","3":"status-publish","4":"has-post-thumbnail","6":"product_cat-kirjakauppa","7":"product_cat-muut-tietokirjat","8":"product_shipping_class-kirjakauppa","9":"pa_hintavaihtoehdot-jasenhinta","10":"pa_hintavaihtoehdot-suositushinta","11":"pa_isbn-2120","12":"pa_sidonta-sid","13":"pa_sivumaara-2121","14":"pa_tekija-carlo-rovelli","16":"first","17":"instock","18":"taxable","19":"shipping-taxable","20":"purchasable","21":"product-type-variable"},"exclude_global_add_ons":[],"addons":[],"_links":{"self":[{"href":"https:\/\/kauppa.ursa.fi\/kauppa\/wp-json\/wp\/v2\/product\/27585","targetHints":{"allow":["GET"]}}],"collection":[{"href":"https:\/\/kauppa.ursa.fi\/kauppa\/wp-json\/wp\/v2\/product"}],"about":[{"href":"https:\/\/kauppa.ursa.fi\/kauppa\/wp-json\/wp\/v2\/types\/product"}],"replies":[{"embeddable":true,"href":"https:\/\/kauppa.ursa.fi\/kauppa\/wp-json\/wp\/v2\/comments?post=27585"}],"wp:featuredmedia":[{"embeddable":true,"href":"https:\/\/kauppa.ursa.fi\/kauppa\/wp-json\/wp\/v2\/media\/27588"}],"wp:attachment":[{"href":"https:\/\/kauppa.ursa.fi\/kauppa\/wp-json\/wp\/v2\/media?parent=27585"}],"wp:term":[{"taxonomy":"product_brand","embeddable":true,"href":"https:\/\/kauppa.ursa.fi\/kauppa\/wp-json\/wp\/v2\/product_brand?post=27585"},{"taxonomy":"product_cat","embeddable":true,"href":"https:\/\/kauppa.ursa.fi\/kauppa\/wp-json\/wp\/v2\/product_cat?post=27585"},{"taxonomy":"product_tag","embeddable":true,"href":"https:\/\/kauppa.ursa.fi\/kauppa\/wp-json\/wp\/v2\/product_tag?post=27585"}],"curies":[{"name":"wp","href":"https:\/\/api.w.org\/{rel}","templated":true}]}}