 

{"id":28891,"date":"2019-11-28T13:37:06","date_gmt":"2019-11-28T11:37:06","guid":{"rendered":"https:\/\/kauppa.ursa.fi\/kauppa\/?post_type=product&#038;p=28891"},"modified":"2020-03-06T15:47:41","modified_gmt":"2020-03-06T13:47:41","slug":"carlo-rovelli-paketti","status":"publish","type":"product","link":"https:\/\/kauppa.ursa.fi\/kauppa\/tuote\/carlo-rovelli-paketti\/","title":{"rendered":"Carlo Rovelli -kirjapaketti"},"content":{"rendered":"<div id=\"pl-28891\" class=\"panel-layout\">\n<div id=\"pg-28891-0\" class=\"panel-grid panel-no-style\">\n<div id=\"pgc-28891-0-0\" class=\"panel-grid-cell\" data-weight=\"1\">\n<div id=\"panel-28891-0-0-0\" class=\"so-panel widget widget_sow-editor panel-first-child panel-last-child\" data-index=\"0\" data-style=\"{&quot;background_image_attachment&quot;:false,&quot;background_display&quot;:&quot;tile&quot;}\">\n<div class=\"so-widget-sow-editor so-widget-sow-editor-base\">\n<div class=\"siteorigin-widget-tinymce textwidget\">\n<p>Carlo Rovellin kirjat edulliseen pakettihintaan:<\/p>\n<ul>\n<li><strong><a href=\"https:\/\/kauppa.ursa.fi\/kauppa\/tuote\/seitseman_lyhytta_luentoa\/\" target=\"_blank\" rel=\"noopener noreferrer\">Seitsem\u00e4n lyhytt\u00e4 luentoa fysiikasta<\/a> (Ursa, 2016)<\/strong><br \/>\nKaunis ja ylist\u00e4v\u00e4 johdatus moderniin fysiikkaan.<\/li>\n<li><strong><a href=\"https:\/\/kauppa.ursa.fi\/kauppa\/tuote\/ajan-luonne\/\" target=\"_blank\" rel=\"noopener noreferrer\">Ajan luonne<\/a> (Ursa, 2016)<\/strong><br \/>\nAika on aivan muuta kuin mit\u00e4 vaistomme antaisi ymm\u00e4rt\u00e4\u00e4. Aika on innoittanut filosofeja ja taiteilijoita, mutta ajan synty ja suunta ovat tieteen suuria ongelmia.<\/li>\n<li><strong><a href=\"https:\/\/kauppa.ursa.fi\/kauppa\/tuote\/todellisuus-ei-ole-sita-milta-se-nayttaa\/\" target=\"_blank\" rel=\"noopener noreferrer\">Todellisuus ei ole sit\u00e4 milt\u00e4 se n\u00e4ytt\u00e4\u00e4<\/a> (Ursa, 2019)<br \/>\n<\/strong>Millaisista aineksista maailma koostuu? Onko avaruutta ja aikaa olemassa? Kirja kertoo uudesta maailmankuvasta, sen keskeisist\u00e4 solmukohdista ja loogisista yhteyksist\u00e4 sek\u00e4 kaikkea t\u00e4t\u00e4 hahmottelevan tutkimuksen nykytilanteesta.<strong><br \/>\n<\/strong><\/li>\n<\/ul>\n<\/div>\n<\/div>\n<\/div>\n<\/div>\n<\/div>\n<div id=\"pg-28891-1\" class=\"panel-grid panel-no-style\" data-style=\"{&quot;background_image_attachment&quot;:false,&quot;background_display&quot;:&quot;tile&quot;,&quot;cell_alignment&quot;:&quot;flex-start&quot;}\" data-ratio=\"1\" data-ratio-direction=\"right\">\n<div id=\"pgc-28891-1-0\" class=\"panel-grid-cell\" data-weight=\"0.33333333333333\">\n<div id=\"panel-28891-1-0-0\" class=\"so-panel widget widget_black-studio-tinymce widget_black_studio_tinymce panel-first-child panel-last-child\" data-index=\"1\" data-style=\"{&quot;background_image_attachment&quot;:false,&quot;background_display&quot;:&quot;tile&quot;}\">\n<div class=\"textwidget\"><a href=\"https:\/\/kauppa.ursa.fi\/kauppa\/tuote\/seitseman_lyhytta_luentoa\/\"><img loading=\"lazy\" decoding=\"async\" src=\"https:\/\/kauppa.ursa.fi\/kauppa\/wp-content\/uploads\/2016\/09\/9789525985436-188x300.jpg\" alt=\"\" width=\"188\" height=\"300\" class=\"alignnone size-medium wp-image-10676\" srcset=\"https:\/\/kauppa.ursa.fi\/kauppa\/wp-content\/uploads\/2016\/09\/9789525985436-188x300.jpg 188w, https:\/\/kauppa.ursa.fi\/kauppa\/wp-content\/uploads\/2016\/09\/9789525985436-420x669.jpg 420w, https:\/\/kauppa.ursa.fi\/kauppa\/wp-content\/uploads\/2016\/09\/9789525985436-416x662.jpg 416w, https:\/\/kauppa.ursa.fi\/kauppa\/wp-content\/uploads\/2016\/09\/9789525985436-94x150.jpg 94w, https:\/\/kauppa.ursa.fi\/kauppa\/wp-content\/uploads\/2016\/09\/9789525985436-324x516.jpg 324w, https:\/\/kauppa.ursa.fi\/kauppa\/wp-content\/uploads\/2016\/09\/9789525985436.jpg 628w\" sizes=\"auto, (max-width: 188px) 100vw, 188px\" \/><\/a><\/div>\n<\/div>\n<\/div>\n<div id=\"pgc-28891-1-1\" class=\"panel-grid-cell\" data-weight=\"0.33333333333333\">\n<div id=\"panel-28891-1-1-0\" class=\"so-panel widget widget_black-studio-tinymce widget_black_studio_tinymce panel-first-child panel-last-child\" data-index=\"2\" data-style=\"{&quot;background_image_attachment&quot;:false,&quot;background_display&quot;:&quot;tile&quot;}\">\n<div class=\"textwidget\"><a href=\"https:\/\/kauppa.ursa.fi\/kauppa\/tuote\/ajan-luonne\/\"><img loading=\"lazy\" decoding=\"async\" src=\"https:\/\/kauppa.ursa.fi\/kauppa\/wp-content\/uploads\/2018\/10\/Rovelli_Ajan-luonne_kansi-185x300.jpg\" alt=\"\" width=\"185\" height=\"300\" class=\"alignnone size-medium wp-image-21368\" srcset=\"https:\/\/kauppa.ursa.fi\/kauppa\/wp-content\/uploads\/2018\/10\/Rovelli_Ajan-luonne_kansi-185x300.jpg 185w, https:\/\/kauppa.ursa.fi\/kauppa\/wp-content\/uploads\/2018\/10\/Rovelli_Ajan-luonne_kansi-420x680.jpg 420w, https:\/\/kauppa.ursa.fi\/kauppa\/wp-content\/uploads\/2018\/10\/Rovelli_Ajan-luonne_kansi-800x1296.jpg 800w, https:\/\/kauppa.ursa.fi\/kauppa\/wp-content\/uploads\/2018\/10\/Rovelli_Ajan-luonne_kansi-93x150.jpg 93w, https:\/\/kauppa.ursa.fi\/kauppa\/wp-content\/uploads\/2018\/10\/Rovelli_Ajan-luonne_kansi-768x1244.jpg 768w, https:\/\/kauppa.ursa.fi\/kauppa\/wp-content\/uploads\/2018\/10\/Rovelli_Ajan-luonne_kansi-632x1024.jpg 632w, https:\/\/kauppa.ursa.fi\/kauppa\/wp-content\/uploads\/2018\/10\/Rovelli_Ajan-luonne_kansi-324x525.jpg 324w, https:\/\/kauppa.ursa.fi\/kauppa\/wp-content\/uploads\/2018\/10\/Rovelli_Ajan-luonne_kansi-416x674.jpg 416w, https:\/\/kauppa.ursa.fi\/kauppa\/wp-content\/uploads\/2018\/10\/Rovelli_Ajan-luonne_kansi.jpg 1356w\" sizes=\"auto, (max-width: 185px) 100vw, 185px\" \/><\/a><\/div>\n<\/div>\n<\/div>\n<div id=\"pgc-28891-1-2\" class=\"panel-grid-cell\" data-weight=\"0.33333333333333\">\n<div id=\"panel-28891-1-2-0\" class=\"so-panel widget widget_black-studio-tinymce widget_black_studio_tinymce panel-first-child panel-last-child\" data-index=\"3\" data-style=\"{&quot;background_image_attachment&quot;:false,&quot;background_display&quot;:&quot;tile&quot;}\">\n<div class=\"textwidget\"><a href=\"https:\/\/kauppa.ursa.fi\/kauppa\/tuote\/todellisuus-ei-ole-sita-milta-se-nayttaa\/\"><img loading=\"lazy\" decoding=\"async\" class=\"alignnone size-medium wp-image-27588\" src=\"https:\/\/kauppa.ursa.fi\/kauppa\/wp-content\/uploads\/2019\/09\/9789525985733_pieni-193x300.jpg\" alt=\"\" width=\"193\" height=\"300\" srcset=\"https:\/\/kauppa.ursa.fi\/kauppa\/wp-content\/uploads\/2019\/09\/9789525985733_pieni-193x300.jpg 193w, https:\/\/kauppa.ursa.fi\/kauppa\/wp-content\/uploads\/2019\/09\/9789525985733_pieni-420x652.jpg 420w, https:\/\/kauppa.ursa.fi\/kauppa\/wp-content\/uploads\/2019\/09\/9789525985733_pieni-416x645.jpg 416w, https:\/\/kauppa.ursa.fi\/kauppa\/wp-content\/uploads\/2019\/09\/9789525985733_pieni-97x150.jpg 97w, https:\/\/kauppa.ursa.fi\/kauppa\/wp-content\/uploads\/2019\/09\/9789525985733_pieni-324x503.jpg 324w, https:\/\/kauppa.ursa.fi\/kauppa\/wp-content\/uploads\/2019\/09\/9789525985733_pieni.jpg 495w\" sizes=\"auto, (max-width: 193px) 100vw, 193px\" \/><\/a><\/div>\n<\/div>\n<\/div>\n<\/div>\n<\/div>\n","protected":false},"excerpt":{"rendered":"<p>Carlo Rovellin kirjat edullisena pakettina.<\/p>\n","protected":false},"featured_media":28904,"comment_status":"open","ping_status":"closed","template":"","meta":[],"product_brand":[],"product_cat":[10],"product_tag":[],"class_list":{"0":"post-28891","1":"product","2":"type-product","3":"status-publish","4":"has-post-thumbnail","6":"product_cat-muut-tietokirjat","7":"product_shipping_class-kirjakauppa","8":"pa_hintavaihtoehdot-jasenhinta","9":"pa_hintavaihtoehdot-suositushinta","10":"pa_isbn-9789525985436-603-733","11":"pa_tekija-carlo-rovelli","13":"first","14":"instock","15":"taxable","16":"shipping-taxable","17":"purchasable","18":"product-type-variable"},"exclude_global_add_ons":[],"addons":[],"_links":{"self":[{"href":"https:\/\/kauppa.ursa.fi\/kauppa\/wp-json\/wp\/v2\/product\/28891","targetHints":{"allow":["GET"]}}],"collection":[{"href":"https:\/\/kauppa.ursa.fi\/kauppa\/wp-json\/wp\/v2\/product"}],"about":[{"href":"https:\/\/kauppa.ursa.fi\/kauppa\/wp-json\/wp\/v2\/types\/product"}],"replies":[{"embeddable":true,"href":"https:\/\/kauppa.ursa.fi\/kauppa\/wp-json\/wp\/v2\/comments?post=28891"}],"wp:featuredmedia":[{"embeddable":true,"href":"https:\/\/kauppa.ursa.fi\/kauppa\/wp-json\/wp\/v2\/media\/28904"}],"wp:attachment":[{"href":"https:\/\/kauppa.ursa.fi\/kauppa\/wp-json\/wp\/v2\/media?parent=28891"}],"wp:term":[{"taxonomy":"product_brand","embeddable":true,"href":"https:\/\/kauppa.ursa.fi\/kauppa\/wp-json\/wp\/v2\/product_brand?post=28891"},{"taxonomy":"product_cat","embeddable":true,"href":"https:\/\/kauppa.ursa.fi\/kauppa\/wp-json\/wp\/v2\/product_cat?post=28891"},{"taxonomy":"product_tag","embeddable":true,"href":"https:\/\/kauppa.ursa.fi\/kauppa\/wp-json\/wp\/v2\/product_tag?post=28891"}],"curies":[{"name":"wp","href":"https:\/\/api.w.org\/{rel}","templated":true}]}}