 

{"id":3292,"date":"2001-01-12T23:44:21","date_gmt":"2001-01-12T21:44:21","guid":{"rendered":"https:\/\/kauppa.ursa.fi\/kauppa\/tuote\/sidereus-nuncius\/"},"modified":"2022-02-02T13:11:43","modified_gmt":"2022-02-02T11:11:43","slug":"sidereus-nuncius","status":"publish","type":"product","link":"https:\/\/kauppa.ursa.fi\/kauppa\/tuote\/sidereus-nuncius\/","title":{"rendered":"Sidereus Nuncius"},"content":{"rendered":"<p>Sidereus Nuncius on vaikutuksiltaan ehk\u00e4 dramaattisin koskaan julkaistu tieteellinen teos. Kirjassa Galileo Galilei paljastaa aikalaisilleen t\u00e4ysin tuntemattomia ilmi\u00f6it\u00e4, jotka h\u00e4n oli havainnut uudella salaper\u00e4isell\u00e4 laitteella, kaukoputkella. N\u00e4m\u00e4 havainnot mullistivat maailmankuvan: Se py\u00f6rii sittenkin!<\/p>\n<p>T\u00e4m\u00e4 on klassikon ensimm\u00e4inen suomenkielinen laitos. K\u00e4\u00e4nn\u00f6stekstin lis\u00e4ksi teoksessa on selitysosa, jossa kerrotaan millaiseen maailmaan Sidereus Nuncius ilmestyi ja mik\u00e4 Galilei oli miehi\u00e4\u00e4n. Puuhakas Galilei juoni itselleen taloudellisia etuja Venetsiasta ja Firenzest\u00e4. Galilei hioi erinomaisia linssej\u00e4, mutta ymm\u00e4rsik\u00f6 h\u00e4n lainkaan, miten kaukoputki toimii?<\/p>\n<p>Raimo Lehti vastaanotti <strong>Vuoden tiedekirja<\/strong> -palkinnon teoksessa olevasta selitt\u00e4v\u00e4st\u00e4 osasta <strong>Tarina Galileista ja kaukoputkesta<\/strong>. Sidereus Nunciuksen taidokasta suomennosta palkintoraati pit\u00e4\u00e4 sellaisenaan kulttuuritekona. Raadin mielest\u00e4 Raimo Lehden teksti Galilein el\u00e4m\u00e4st\u00e4 ja toiminnasta on kuitenkin itse suomennostakin merkitt\u00e4v\u00e4mpi. &#8221;Kokonaisuutena se on loistokas dokumentti siit\u00e4, miss\u00e4 oloissa ja mill\u00e4 tavoin tieteellist\u00e4 toimintaa harjoitettiin 1600-luvun uskontosidonnaisessa maailmassa ja maallisen vallan paineessa sek\u00e4 mill\u00e4 tavoin tieteellinen vuorovaikutus tuolloin toimi&#8221;, todetaan palkintoperusteissa.<\/p>\n","protected":false},"excerpt":{"rendered":"<p>Sidereus Nuncius on vaikutuksiltaan ehk\u00e4 dramaattisin koskaan julkaistu tieteellinen teos. Kirjassa Galileo Galilei paljastaa aikalaisilleen t\u00e4ysin tuntemattomia ilmi\u00f6it\u00e4, jotka h\u00e4n oli havainnut uudella salaper\u00e4isell\u00e4 laitteella, kaukoputkella. N\u00e4m\u00e4 havainnot mullistivat maailmankuvan: [&hellip;]<\/p>\n","protected":false},"featured_media":14548,"comment_status":"open","ping_status":"closed","template":"","meta":[],"product_brand":[],"product_cat":[8],"product_tag":[],"class_list":{"0":"post-3292","1":"product","2":"type-product","3":"status-publish","4":"has-post-thumbnail","6":"product_cat-tahtitiede","7":"product_shipping_class-kirjakauppa","8":"pa_hintavaihtoehdot-jasenhinta","9":"pa_hintavaihtoehdot-suositushinta","10":"pa_isbn-2016","11":"pa_sidontamalli-sidottu","12":"pa_tekija-galilei-galileo","14":"first","15":"outofstock","16":"taxable","17":"shipping-taxable","18":"purchasable","19":"product-type-variable","20":"has-default-attributes"},"exclude_global_add_ons":[],"addons":[],"_links":{"self":[{"href":"https:\/\/kauppa.ursa.fi\/kauppa\/wp-json\/wp\/v2\/product\/3292","targetHints":{"allow":["GET"]}}],"collection":[{"href":"https:\/\/kauppa.ursa.fi\/kauppa\/wp-json\/wp\/v2\/product"}],"about":[{"href":"https:\/\/kauppa.ursa.fi\/kauppa\/wp-json\/wp\/v2\/types\/product"}],"replies":[{"embeddable":true,"href":"https:\/\/kauppa.ursa.fi\/kauppa\/wp-json\/wp\/v2\/comments?post=3292"}],"wp:featuredmedia":[{"embeddable":true,"href":"https:\/\/kauppa.ursa.fi\/kauppa\/wp-json\/wp\/v2\/media\/14548"}],"wp:attachment":[{"href":"https:\/\/kauppa.ursa.fi\/kauppa\/wp-json\/wp\/v2\/media?parent=3292"}],"wp:term":[{"taxonomy":"product_brand","embeddable":true,"href":"https:\/\/kauppa.ursa.fi\/kauppa\/wp-json\/wp\/v2\/product_brand?post=3292"},{"taxonomy":"product_cat","embeddable":true,"href":"https:\/\/kauppa.ursa.fi\/kauppa\/wp-json\/wp\/v2\/product_cat?post=3292"},{"taxonomy":"product_tag","embeddable":true,"href":"https:\/\/kauppa.ursa.fi\/kauppa\/wp-json\/wp\/v2\/product_tag?post=3292"}],"curies":[{"name":"wp","href":"https:\/\/api.w.org\/{rel}","templated":true}]}}