 

{"id":3373,"date":"2003-05-19T16:00:01","date_gmt":"2003-05-19T13:00:01","guid":{"rendered":"https:\/\/kauppa.ursa.fi\/kauppa\/tuote\/sibeliuksesta-tuonelaan\/"},"modified":"2016-07-21T15:27:41","modified_gmt":"2016-07-21T12:27:41","slug":"sibeliuksesta-tuonelaan","status":"publish","type":"product","link":"https:\/\/kauppa.ursa.fi\/kauppa\/tuote\/sibeliuksesta-tuonelaan\/","title":{"rendered":"Sibeliuksesta Tuonelaan"},"content":{"rendered":"<p>Maapallon tarinat ovat alkaneet levit\u00e4 pallomme ulkopuolelle toisille planeetoille ja niiden kuille. Maan tarinoista tuttuja nimi\u00e4 on annettu kraattereille ja laaksoille, vuorille ja kanjoneille vieraiden taivaiden alla. Jos ihminen levitt\u00e4ytyy aurinkokunnassa ulosp\u00e4in, silloin siirtokuntien nimiss\u00e4 s\u00e4ilyy maapallon perint\u00f6, muisto ihmiskunnan yhteisest\u00e4 alkukodista.<\/p>\n<p>Nimiss\u00e4 yhdistyy Maan tiede ja taide, kulttuuri ja arkip\u00e4iv\u00e4:<br \/>\nTaiteilijoita, tutkijoita, myyttien jumalia ja mausteena ripaus maapallon arkea, kuten pikkukaupunkeja ja etunimi\u00e4 eri kulttuureista.<\/p>\n<p>Kirjan nimi on saatu aurinkokuntamme sisimm\u00e4st\u00e4 ja uloimmasta suomalaisnimest\u00e4. Aurinkoa l\u00e4hinn\u00e4 olevan planeetan Merkuriuksen pinnalla on Sibeliuksen kraatteri, ja kaukaisen Neptunus-planeetan suurimman kuun Tritonin pinnalta l\u00f6ytyy Tuonelan tasanko. N\u00e4iden kahden nimen v\u00e4liin j\u00e4nnittyy parinsadan suomalaisnimen kirjo, joka esitell\u00e4\u00e4n kirjassa kokonaisuudessaan.<\/p>\n<p><a href=\"\/kirjat\/lisamateriaalia\/sibeliuksesta-tuonelaan.html\">Lis\u00e4tietoja &#8221;suomalaisista&#8221; pikkuplaneetoista<\/a><\/p>\n<h3>Heikki Ojalle Warelius-palkinto<\/h3>\n<p>Dosentti Heikki Ojalle my\u00f6nnettiin Suomen tietokirjailijat ry:n Warelius-palkinto Vammalan vanhan kirjallisuuden p\u00e4ivill\u00e4. Palkinnon arvo on 8000 euroa. &#8221;Palkitsijoiden mukaan h\u00e4n kirjoittaa tarkasti, selke\u00e4si ja innoittavasti, ja h\u00e4nen teoksensa sopivat sek\u00e4 asiantuntijoille ett\u00e4 maallikoille&#8221; (HS, 27.6.2003).<\/p>\n","protected":false},"excerpt":{"rendered":"<p>Maapallon tarinat ovat alkaneet levit\u00e4 pallomme ulkopuolelle toisille planeetoille ja niiden kuille. Maan tarinoista tuttuja nimi\u00e4 on annettu kraattereille ja laaksoille, vuorille ja kanjoneille vieraiden taivaiden alla. Jos ihminen levitt\u00e4ytyy [&hellip;]<\/p>\n","protected":false},"featured_media":4611,"comment_status":"open","ping_status":"closed","template":"","meta":[],"product_brand":[],"product_cat":[8],"product_tag":[],"class_list":{"0":"post-3373","1":"product","2":"type-product","3":"status-publish","4":"has-post-thumbnail","6":"product_cat-tahtitiede","7":"product_shipping_class-kirjakauppa","8":"pa_hintavaihtoehdot-jasenhinta","9":"pa_hintavaihtoehdot-suositushinta","10":"pa_isbn-1950","11":"pa_issn-0357-7937","12":"pa_koko-a5","13":"pa_sidontamalli-nid","14":"pa_sivumaara-435","15":"pa_tekija-heikki-oja","17":"first","18":"instock","19":"taxable","20":"shipping-taxable","21":"purchasable","22":"product-type-variable","23":"has-default-attributes"},"exclude_global_add_ons":[],"addons":[],"_links":{"self":[{"href":"https:\/\/kauppa.ursa.fi\/kauppa\/wp-json\/wp\/v2\/product\/3373","targetHints":{"allow":["GET"]}}],"collection":[{"href":"https:\/\/kauppa.ursa.fi\/kauppa\/wp-json\/wp\/v2\/product"}],"about":[{"href":"https:\/\/kauppa.ursa.fi\/kauppa\/wp-json\/wp\/v2\/types\/product"}],"replies":[{"embeddable":true,"href":"https:\/\/kauppa.ursa.fi\/kauppa\/wp-json\/wp\/v2\/comments?post=3373"}],"wp:featuredmedia":[{"embeddable":true,"href":"https:\/\/kauppa.ursa.fi\/kauppa\/wp-json\/wp\/v2\/media\/4611"}],"wp:attachment":[{"href":"https:\/\/kauppa.ursa.fi\/kauppa\/wp-json\/wp\/v2\/media?parent=3373"}],"wp:term":[{"taxonomy":"product_brand","embeddable":true,"href":"https:\/\/kauppa.ursa.fi\/kauppa\/wp-json\/wp\/v2\/product_brand?post=3373"},{"taxonomy":"product_cat","embeddable":true,"href":"https:\/\/kauppa.ursa.fi\/kauppa\/wp-json\/wp\/v2\/product_cat?post=3373"},{"taxonomy":"product_tag","embeddable":true,"href":"https:\/\/kauppa.ursa.fi\/kauppa\/wp-json\/wp\/v2\/product_tag?post=3373"}],"curies":[{"name":"wp","href":"https:\/\/api.w.org\/{rel}","templated":true}]}}