 

{"id":3380,"date":"2003-09-30T10:45:15","date_gmt":"2003-09-30T07:45:15","guid":{"rendered":"https:\/\/kauppa.ursa.fi\/kauppa\/tuote\/havaitseva-tahtitiede\/"},"modified":"2016-07-21T15:26:48","modified_gmt":"2016-07-21T12:26:48","slug":"havaitseva-tahtitiede","status":"publish","type":"product","link":"https:\/\/kauppa.ursa.fi\/kauppa\/tuote\/havaitseva-tahtitiede\/","title":{"rendered":"Havaitseva t\u00e4htitiede"},"content":{"rendered":"<p>Havaitseva t\u00e4htitiede sis\u00e4lt\u00e4\u00e4 Helsingin ja Turun yliopistojen t\u00e4htitieteen aineopintojen havaitsevan t\u00e4htitieteen kurssin vaatimuksiin sis\u00e4ltyv\u00e4n materiaalin. Kirjassa k\u00e4sitell\u00e4\u00e4n vain optisia havaintoja, sill\u00e4 radioastronomiaan ja muiden aallonpituusalueiden edellytt\u00e4miin erikoismenetelmiin perehdyt\u00e4\u00e4n muiden kurssien yhteydess\u00e4.<\/p>\n<p>Kirjasta on hy\u00f6ty\u00e4 my\u00f6s muillekin kuin t\u00e4htitieteen opiskelijoille. Yh\u00e4 kasvavalla harrastajajoukolla on nyky\u00e4\u00e4n k\u00e4yt\u00f6ss\u00e4\u00e4n CCD-kameroita, joilla voi tehd\u00e4 tieteellisesti hy\u00f6dyllisi\u00e4 havaintoja. Jotta havainnoilla olisi tieteellist\u00e4 merkityst\u00e4, niin teht\u00e4ess\u00e4 ja k\u00e4sitelt\u00e4ess\u00e4 on otettava huomioon monia tekij\u00f6it\u00e4, joita kirjassa on kuvattu.<\/p>\n<p><a href=\"https:\/\/www.ursa.fi\/kirjat\/korjauksia\/havaitseva-tahtitiede.html\" target=\"_blank\">Korjauksia kirjaan<\/a><\/p>\n","protected":false},"excerpt":{"rendered":"<p>Havaitseva t\u00e4htitiede sis\u00e4lt\u00e4\u00e4 Helsingin ja Turun yliopistojen t\u00e4htitieteen aineopintojen havaitsevan t\u00e4htitieteen kurssin vaatimuksiin sis\u00e4ltyv\u00e4n materiaalin. Kirjassa k\u00e4sitell\u00e4\u00e4n vain optisia havaintoja, sill\u00e4 radioastronomiaan ja muiden aallonpituusalueiden edellytt\u00e4miin erikoismenetelmiin perehdyt\u00e4\u00e4n muiden kurssien [&hellip;]<\/p>\n","protected":false},"featured_media":4617,"comment_status":"open","ping_status":"closed","template":"","meta":[],"product_brand":[],"product_cat":[8],"product_tag":[],"class_list":{"0":"post-3380","1":"product","2":"type-product","3":"status-publish","4":"has-post-thumbnail","6":"product_cat-tahtitiede","7":"product_shipping_class-kirjakauppa","8":"pa_hintavaihtoehdot-jasenhinta","9":"pa_hintavaihtoehdot-suositushinta","10":"pa_isbn-1947","11":"pa_sidontamalli-nidottu","12":"pa_sivumaara-246","13":"pa_tekija-nilsson-kari-takalo-leo-piironen-jukka","15":"first","16":"instock","17":"taxable","18":"shipping-taxable","19":"purchasable","20":"product-type-variable","21":"has-default-attributes"},"exclude_global_add_ons":[],"addons":[],"_links":{"self":[{"href":"https:\/\/kauppa.ursa.fi\/kauppa\/wp-json\/wp\/v2\/product\/3380","targetHints":{"allow":["GET"]}}],"collection":[{"href":"https:\/\/kauppa.ursa.fi\/kauppa\/wp-json\/wp\/v2\/product"}],"about":[{"href":"https:\/\/kauppa.ursa.fi\/kauppa\/wp-json\/wp\/v2\/types\/product"}],"replies":[{"embeddable":true,"href":"https:\/\/kauppa.ursa.fi\/kauppa\/wp-json\/wp\/v2\/comments?post=3380"}],"wp:featuredmedia":[{"embeddable":true,"href":"https:\/\/kauppa.ursa.fi\/kauppa\/wp-json\/wp\/v2\/media\/4617"}],"wp:attachment":[{"href":"https:\/\/kauppa.ursa.fi\/kauppa\/wp-json\/wp\/v2\/media?parent=3380"}],"wp:term":[{"taxonomy":"product_brand","embeddable":true,"href":"https:\/\/kauppa.ursa.fi\/kauppa\/wp-json\/wp\/v2\/product_brand?post=3380"},{"taxonomy":"product_cat","embeddable":true,"href":"https:\/\/kauppa.ursa.fi\/kauppa\/wp-json\/wp\/v2\/product_cat?post=3380"},{"taxonomy":"product_tag","embeddable":true,"href":"https:\/\/kauppa.ursa.fi\/kauppa\/wp-json\/wp\/v2\/product_tag?post=3380"}],"curies":[{"name":"wp","href":"https:\/\/api.w.org\/{rel}","templated":true}]}}