 

{"id":3500,"date":"2009-04-17T10:36:16","date_gmt":"2009-04-17T07:36:16","guid":{"rendered":"https:\/\/kauppa.ursa.fi\/kauppa\/tuote\/sfairopoiia\/"},"modified":"2016-07-12T14:26:35","modified_gmt":"2016-07-12T11:26:35","slug":"sfairopoiia","status":"publish","type":"product","link":"https:\/\/kauppa.ursa.fi\/kauppa\/tuote\/sfairopoiia\/","title":{"rendered":"Sfairopoiia"},"content":{"rendered":"<p>Mik\u00e4 sai ihmiset parin vuosituhannen ajan k\u00e4ytt\u00e4m\u00e4\u00e4n maailmanselitykseen py\u00f6rivi\u00e4 palloja ja kiert\u00e4vi\u00e4 ympyr\u00f6it\u00e4?<\/p>\n<p>Matemaattisten lainalaisuuksien etsiminen ei ole v\u00e4litt\u00f6min eik\u00e4 ensimm\u00e4iseksi mieleen juolahtava tapa l\u00e4hesty\u00e4 luonnon moninaisuutta. Se on kuitenkin osoittautunut miltei arvoituksellisen tehokkaaksi menetelm\u00e4ksi sille soveltuvissa tapauksissa. Abstrakti matemaattinen ajattelu sai alkunsa Mesopotamiassa toisella vuosituhannella ennen ajanlaskumme alkua, vaikutti my\u00f6hemmin naapurikulttuureihin ja levisi lopulta kuin tarttuva tauti.<\/p>\n<p>Ensimm\u00e4iset luonnonilmi\u00f6t, joihin matemaattisia menetelmi\u00e4 sovellettiin, olivat t\u00e4htitaivaan ja erityisesti planeettojen liike.<\/p>\n<p>Siin\u00e4 miten planeetta n\u00e4ytt\u00e4\u00e4 Maasta k\u00e4sin liikkuvan t\u00e4htien suhteen, ilmenee paljon planeettojen ratojen ja Aurinkokunnan geometrian yksityiskohtia. Satunnaiselle taivaan tirkistelij\u00e4lle t\u00e4m\u00e4n liikkeen sis\u00e4lt\u00e4m\u00e4 monimutkainen tieto pysyy salattuna, mutta k\u00e4rsiv\u00e4lliselle havaitsijalle se v\u00e4litt\u00e4\u00e4 sanoman, joka oikein tulkittuna johti aikanaan ihmiset ymm\u00e4rt\u00e4m\u00e4\u00e4n planeettaj\u00e4rjestelm\u00e4n rakenteen ja oman asemamme siin\u00e4.<\/p>\n<p>Lokakuussa edesmenneen Ursan kunniaj\u00e4senen professori Raimo Lehden viimeinen teos esittelee pitk\u00e4\u00e4n vallinnutta ympyr\u00e4liikkeen ja pallojen maailman tiedett\u00e4 ja kulttuuria.<\/p>\n","protected":false},"excerpt":{"rendered":"<p>Mik\u00e4 sai ihmiset parin vuosituhannen ajan k\u00e4ytt\u00e4m\u00e4\u00e4n maailmanselitykseen py\u00f6rivi\u00e4 palloja ja kiert\u00e4vi\u00e4 ympyr\u00f6it\u00e4? Matemaattisten lainalaisuuksien etsiminen ei ole v\u00e4litt\u00f6min eik\u00e4 ensimm\u00e4iseksi mieleen juolahtava tapa l\u00e4hesty\u00e4 luonnon moninaisuutta. Se on kuitenkin [&hellip;]<\/p>\n","protected":false},"featured_media":4688,"comment_status":"open","ping_status":"closed","template":"","meta":[],"product_brand":[],"product_cat":[10],"product_tag":[],"class_list":{"0":"post-3500","1":"product","2":"type-product","3":"status-publish","4":"has-post-thumbnail","6":"product_cat-muut-tietokirjat","7":"product_shipping_class-kirjakauppa","8":"pa_hintavaihtoehdot-jasenhinta","9":"pa_hintavaihtoehdot-suositushinta","10":"pa_isbn-1936","11":"pa_koko-b5","12":"pa_sidontamalli-nid","13":"pa_sivumaara-797","14":"pa_tekija-raimo-lehti","16":"first","17":"instock","18":"taxable","19":"shipping-taxable","20":"purchasable","21":"product-type-variable","22":"has-default-attributes"},"exclude_global_add_ons":[],"addons":[],"_links":{"self":[{"href":"https:\/\/kauppa.ursa.fi\/kauppa\/wp-json\/wp\/v2\/product\/3500","targetHints":{"allow":["GET"]}}],"collection":[{"href":"https:\/\/kauppa.ursa.fi\/kauppa\/wp-json\/wp\/v2\/product"}],"about":[{"href":"https:\/\/kauppa.ursa.fi\/kauppa\/wp-json\/wp\/v2\/types\/product"}],"replies":[{"embeddable":true,"href":"https:\/\/kauppa.ursa.fi\/kauppa\/wp-json\/wp\/v2\/comments?post=3500"}],"wp:featuredmedia":[{"embeddable":true,"href":"https:\/\/kauppa.ursa.fi\/kauppa\/wp-json\/wp\/v2\/media\/4688"}],"wp:attachment":[{"href":"https:\/\/kauppa.ursa.fi\/kauppa\/wp-json\/wp\/v2\/media?parent=3500"}],"wp:term":[{"taxonomy":"product_brand","embeddable":true,"href":"https:\/\/kauppa.ursa.fi\/kauppa\/wp-json\/wp\/v2\/product_brand?post=3500"},{"taxonomy":"product_cat","embeddable":true,"href":"https:\/\/kauppa.ursa.fi\/kauppa\/wp-json\/wp\/v2\/product_cat?post=3500"},{"taxonomy":"product_tag","embeddable":true,"href":"https:\/\/kauppa.ursa.fi\/kauppa\/wp-json\/wp\/v2\/product_tag?post=3500"}],"curies":[{"name":"wp","href":"https:\/\/api.w.org\/{rel}","templated":true}]}}