 

{"id":3565,"date":"2012-10-22T10:22:59","date_gmt":"2012-10-22T07:22:59","guid":{"rendered":"https:\/\/kauppa.ursa.fi\/kauppa\/tuote\/helsingin-observatorio\/"},"modified":"2019-05-24T11:55:04","modified_gmt":"2019-05-24T08:55:04","slug":"helsingin-observatorio","status":"publish","type":"product","link":"https:\/\/kauppa.ursa.fi\/kauppa\/tuote\/helsingin-observatorio\/","title":{"rendered":"Helsingin observatorio"},"content":{"rendered":"<p>Helsingin observatorio valmistui vuonna 1834. Arkkitehti Carl Ludvig Engel suunnitteli rakennuksen \u201dkaupungin kaunistukseksi\u201d. Professori Friedrich Argelanderin ohjeiden mukaan rakennetusta observatoriosta tuli aikansa nykyaikaisin t\u00e4htitorni, jonka suunnitteluperiaatteita seurattiin muissa observatorioissa vuosikymmenien ajan.<\/p>\n<p>Observatorio rakennettiin suojaksi kaukoputkien ymp\u00e4rille, mutta se oli my\u00f6s monen t\u00e4htitieteilij\u00e4n perheen koti. Professori Tapio Markkanen kertoo kirjassa Helsingin observatorion vaiheista, siell\u00e4 ty\u00f6t\u00e4\u00e4n tehneist\u00e4 ihmisist\u00e4 sek\u00e4 ty\u00f6n tulosten merkityksest\u00e4 t\u00e4htitieteen kehityksess\u00e4. Upea kuvateos sis\u00e4lt\u00e4\u00e4 my\u00f6s ruotsin- ja englanninkieliset k\u00e4\u00e4nn\u00f6kset kuvateksteist\u00e4 sek\u00e4 tiivistelm\u00e4t.<\/p>\n","protected":false},"excerpt":{"rendered":"<p>Helsingin observatorion historia<\/p>\n","protected":false},"featured_media":4765,"comment_status":"open","ping_status":"closed","template":"","meta":[],"product_brand":[],"product_cat":[8],"product_tag":[],"class_list":{"0":"post-3565","1":"product","2":"type-product","3":"status-publish","4":"has-post-thumbnail","6":"product_cat-tahtitiede","7":"product_shipping_class-kirjakauppa","8":"pa_hintavaihtoehdot-jasenhinta","9":"pa_hintavaihtoehdot-suositushinta","10":"pa_isbn-981","11":"pa_sidontamalli-nid","12":"pa_sivumaara-978","13":"pa_tekija-tapio-markkanen","15":"first","16":"instock","17":"taxable","18":"shipping-taxable","19":"purchasable","20":"product-type-variable","21":"has-default-attributes"},"exclude_global_add_ons":[],"addons":[],"_links":{"self":[{"href":"https:\/\/kauppa.ursa.fi\/kauppa\/wp-json\/wp\/v2\/product\/3565","targetHints":{"allow":["GET"]}}],"collection":[{"href":"https:\/\/kauppa.ursa.fi\/kauppa\/wp-json\/wp\/v2\/product"}],"about":[{"href":"https:\/\/kauppa.ursa.fi\/kauppa\/wp-json\/wp\/v2\/types\/product"}],"replies":[{"embeddable":true,"href":"https:\/\/kauppa.ursa.fi\/kauppa\/wp-json\/wp\/v2\/comments?post=3565"}],"wp:featuredmedia":[{"embeddable":true,"href":"https:\/\/kauppa.ursa.fi\/kauppa\/wp-json\/wp\/v2\/media\/4765"}],"wp:attachment":[{"href":"https:\/\/kauppa.ursa.fi\/kauppa\/wp-json\/wp\/v2\/media?parent=3565"}],"wp:term":[{"taxonomy":"product_brand","embeddable":true,"href":"https:\/\/kauppa.ursa.fi\/kauppa\/wp-json\/wp\/v2\/product_brand?post=3565"},{"taxonomy":"product_cat","embeddable":true,"href":"https:\/\/kauppa.ursa.fi\/kauppa\/wp-json\/wp\/v2\/product_cat?post=3565"},{"taxonomy":"product_tag","embeddable":true,"href":"https:\/\/kauppa.ursa.fi\/kauppa\/wp-json\/wp\/v2\/product_tag?post=3565"}],"curies":[{"name":"wp","href":"https:\/\/api.w.org\/{rel}","templated":true}]}}