 

{"id":3584,"date":"2014-04-16T11:11:46","date_gmt":"2014-04-16T08:11:46","guid":{"rendered":"https:\/\/kauppa.ursa.fi\/kauppa\/tuote\/ensimmainen-koira-kuussa\/"},"modified":"2019-05-24T11:53:51","modified_gmt":"2019-05-24T08:53:51","slug":"ensimmainen-koira-kuussa","status":"publish","type":"product","link":"https:\/\/kauppa.ursa.fi\/kauppa\/tuote\/ensimmainen-koira-kuussa\/","title":{"rendered":"Ensimm\u00e4inen koira Kuussa"},"content":{"rendered":"<p>&#8221;Yrit\u00e4n viihdytt\u00e4\u00e4, valistaa ja \u00e4rsytt\u00e4\u00e4, milloin miss\u00e4kin j\u00e4rjestyksess\u00e4. Jokaiselle meist\u00e4 tekee hyv\u00e4\u00e4 saada kahvit joskus v\u00e4\u00e4r\u00e4\u00e4n kurkkuun lehte\u00e4 lukiessa.&#8221;<\/p>\n<p>Esko Valtaojan kolumnit ovat virkist\u00e4v\u00e4\u00e4 aivoviihdett\u00e4: ne vuoroin kyseenalaistavat totuttua ja vuoroin nauravat p\u00e4\u00e4h\u00e4npinttymille ja moralismille. Valtaojan kolumneissa katsotaan maailmaa l\u00e4mpim\u00e4sti ja ter\u00e4v\u00e4sti.<\/p>\n<p>&#8221;Koetan saada jokaiseen kolumniini jotain laajempaa ajatusta tai n\u00e4k\u00f6kulmaa. Jotain, joka saa unisena aamukahviaan h\u00f6rppiv\u00e4n lukijani h\u00e4tk\u00e4ht\u00e4m\u00e4\u00e4n ja ajattelemaan asioita hieman uudelta kantilta.&#8221;<\/p>\n<p>Valtaojalle mik\u00e4\u00e4n inhimillinen ei ole vierasta. H\u00e4n kirjoittaa napakasti argumentoiden ja avartaa lukijan kokemuspiiri\u00e4 hienovaraisesti. Kokoelma on raikas kooste suomalaista ajattelua etevimmill\u00e4\u00e4n.<\/p>\n<p>Saatavilla s\u00e4hk\u00f6kirjana <a href=\"https:\/\/kirja.elisa.fi\/ekirja\/ensimmainen-koira-kuussa-kootut-kolumnit\" target=\"_&quot;blank&quot;\" rel=\"noopener noreferrer\">Elisa Kirjasta<\/a>.<\/p>\n","protected":false},"excerpt":{"rendered":"<p>Esko Valtaoja on kirjoittanut yli kymmenen vuoden ajan kolumneja sanoma- ja aikakauslehtiin. T\u00e4h\u00e4n kirjaan on koottu Valtaojan parhaat kolumnit.<\/p>\n","protected":false},"featured_media":4794,"comment_status":"open","ping_status":"closed","template":"","meta":[],"product_brand":[],"product_cat":[10],"product_tag":[],"class_list":{"0":"post-3584","1":"product","2":"type-product","3":"status-publish","4":"has-post-thumbnail","6":"product_cat-muut-tietokirjat","7":"product_shipping_class-kirjakauppa","8":"pa_hintavaihtoehdot-jasenhinta","9":"pa_hintavaihtoehdot-suositushinta","10":"pa_isbn-1064","11":"pa_koko-pokkari-111-x-178-mm","12":"pa_sidontamalli-nid","13":"pa_sivumaara-1058","14":"pa_tekija-esko-valtaoja","16":"first","17":"instock","18":"taxable","19":"shipping-taxable","20":"purchasable","21":"product-type-variable","22":"has-default-attributes"},"exclude_global_add_ons":[],"addons":[],"_links":{"self":[{"href":"https:\/\/kauppa.ursa.fi\/kauppa\/wp-json\/wp\/v2\/product\/3584","targetHints":{"allow":["GET"]}}],"collection":[{"href":"https:\/\/kauppa.ursa.fi\/kauppa\/wp-json\/wp\/v2\/product"}],"about":[{"href":"https:\/\/kauppa.ursa.fi\/kauppa\/wp-json\/wp\/v2\/types\/product"}],"replies":[{"embeddable":true,"href":"https:\/\/kauppa.ursa.fi\/kauppa\/wp-json\/wp\/v2\/comments?post=3584"}],"wp:featuredmedia":[{"embeddable":true,"href":"https:\/\/kauppa.ursa.fi\/kauppa\/wp-json\/wp\/v2\/media\/4794"}],"wp:attachment":[{"href":"https:\/\/kauppa.ursa.fi\/kauppa\/wp-json\/wp\/v2\/media?parent=3584"}],"wp:term":[{"taxonomy":"product_brand","embeddable":true,"href":"https:\/\/kauppa.ursa.fi\/kauppa\/wp-json\/wp\/v2\/product_brand?post=3584"},{"taxonomy":"product_cat","embeddable":true,"href":"https:\/\/kauppa.ursa.fi\/kauppa\/wp-json\/wp\/v2\/product_cat?post=3584"},{"taxonomy":"product_tag","embeddable":true,"href":"https:\/\/kauppa.ursa.fi\/kauppa\/wp-json\/wp\/v2\/product_tag?post=3584"}],"curies":[{"name":"wp","href":"https:\/\/api.w.org\/{rel}","templated":true}]}}

Ensimmäinen koira Kuussa

<p>&#8221;Yritän viihdyttää, valistaa ja ärsyttää, milloin missäkin järjestyksessä. Jokaiselle meistä tekee hyvää saada kahvit joskus väärään kurkkuun lehteä lukiessa.&#8221;</p>
<p>Esko Valtaojan kolumnit ovat virkistävää aivoviihdettä: ne vuoroin kyseenalaistavat totuttua ja vuoroin nauravat päähänpinttymille ja moralismille. Valtaojan kolumneissa katsotaan maailmaa lämpimästi ja terävästi.</p>
<p>&#8221;Koetan saada jokaiseen kolumniini jotain laajempaa ajatusta tai näkökulmaa. Jotain, joka saa unisena aamukahviaan hörppivän lukijani hätkähtämään ja ajattelemaan asioita hieman uudelta kantilta.&#8221;</p>
<p>Valtaojalle mikään inhimillinen ei ole vierasta. Hän kirjoittaa napakasti argumentoiden ja avartaa lukijan kokemuspiiriä hienovaraisesti. Kokoelma on raikas kooste suomalaista ajattelua etevimmillään.</p>
<p>Saatavilla sähkökirjana <a href="https://kirja.elisa.fi/ekirja/ensimmainen-koira-kuussa-kootut-kolumnit" target="_&quot;blank&quot;" rel="noopener noreferrer">Elisa Kirjasta</a>.</p>

<p>Esko Valtaoja on kirjoittanut yli kymmenen vuoden ajan kolumneja sanoma- ja aikakauslehtiin. Tähän kirjaan on koottu Valtaojan parhaat kolumnit.</p>
