 

{"id":3587,"date":"2014-05-12T14:36:18","date_gmt":"2014-05-12T11:36:18","guid":{"rendered":"https:\/\/kauppa.ursa.fi\/kauppa\/tuote\/aurinkokello\/"},"modified":"2015-11-12T12:29:59","modified_gmt":"2015-11-12T10:29:59","slug":"aurinkokello","status":"publish","type":"product","link":"https:\/\/kauppa.ursa.fi\/kauppa\/tuote\/aurinkokello\/","title":{"rendered":"Aurinkokello"},"content":{"rendered":"<p>Puinen aurinkokello on suomalainen tuote. Asteikon avulla s\u00e4\u00e4d\u00e4t aurinkokellon kallistuskulman oman havaintopaikkasi leveyspiirin mukaiseksi. Aurinkokellon keh\u00e4 on py\u00f6ritett\u00e4viss\u00e4 siten, ett\u00e4 aurinkokello n\u00e4ytt\u00e4\u00e4 virallista aikaa. Tuotteen mukana tulee kupu, jolla suojaat aurinkokelloa mm. UV-s\u00e4teilyn aiheuttamalta haalistumiselta.<\/p>\n<p>Puisen pohjalevyn mitat ovat 225x110mm.<\/p>\n","protected":false},"excerpt":{"rendered":"<p>Sunny times Intl. &#8211; aurinkokello (kotimainen)<\/p>\n","protected":false},"featured_media":4798,"comment_status":"open","ping_status":"closed","template":"","meta":[],"product_brand":[],"product_cat":[12],"product_tag":[],"class_list":{"0":"post-3587","1":"product","2":"type-product","3":"status-publish","4":"has-post-thumbnail","6":"product_cat-muut-tuotteet","7":"product_shipping_class-kirjakauppa","8":"pa_hintavaihtoehdot-jasenhinta","9":"pa_hintavaihtoehdot-suositushinta","10":"pa_tekija-sonny-times-intl","12":"first","13":"instock","14":"taxable","15":"shipping-taxable","16":"purchasable","17":"product-type-variable"},"exclude_global_add_ons":[],"addons":[],"_links":{"self":[{"href":"https:\/\/kauppa.ursa.fi\/kauppa\/wp-json\/wp\/v2\/product\/3587","targetHints":{"allow":["GET"]}}],"collection":[{"href":"https:\/\/kauppa.ursa.fi\/kauppa\/wp-json\/wp\/v2\/product"}],"about":[{"href":"https:\/\/kauppa.ursa.fi\/kauppa\/wp-json\/wp\/v2\/types\/product"}],"replies":[{"embeddable":true,"href":"https:\/\/kauppa.ursa.fi\/kauppa\/wp-json\/wp\/v2\/comments?post=3587"}],"wp:featuredmedia":[{"embeddable":true,"href":"https:\/\/kauppa.ursa.fi\/kauppa\/wp-json\/wp\/v2\/media\/4798"}],"wp:attachment":[{"href":"https:\/\/kauppa.ursa.fi\/kauppa\/wp-json\/wp\/v2\/media?parent=3587"}],"wp:term":[{"taxonomy":"product_brand","embeddable":true,"href":"https:\/\/kauppa.ursa.fi\/kauppa\/wp-json\/wp\/v2\/product_brand?post=3587"},{"taxonomy":"product_cat","embeddable":true,"href":"https:\/\/kauppa.ursa.fi\/kauppa\/wp-json\/wp\/v2\/product_cat?post=3587"},{"taxonomy":"product_tag","embeddable":true,"href":"https:\/\/kauppa.ursa.fi\/kauppa\/wp-json\/wp\/v2\/product_tag?post=3587"}],"curies":[{"name":"wp","href":"https:\/\/api.w.org\/{rel}","templated":true}]}}