 

{"id":3601,"date":"2014-09-01T11:54:04","date_gmt":"2014-09-01T08:54:04","guid":{"rendered":"https:\/\/kauppa.ursa.fi\/kauppa\/tuote\/popin-ja-pikkukarhun-avaruusmatka\/"},"modified":"2026-04-08T12:06:25","modified_gmt":"2026-04-08T09:06:25","slug":"popin-ja-pikkukarhun-avaruusmatka","status":"publish","type":"product","link":"https:\/\/kauppa.ursa.fi\/kauppa\/tuote\/popin-ja-pikkukarhun-avaruusmatka\/","title":{"rendered":"Popin ja Pikkukarhun avaruusmatka"},"content":{"rendered":"<p>Er\u00e4\u00e4n\u00e4 iltana Popi p\u00e4\u00e4tt\u00e4\u00e4 l\u00e4hte\u00e4 etsim\u00e4\u00e4n t\u00e4hti\u00e4 kotipihaltaan, vaikka ei erityisemmin pid\u00e4 pime\u00e4st\u00e4. Pime\u00e4n pelko kuitenkin unohtuu, kun Popi tutustuu taivaalta laskeutuvaan Pikkukarhuun. Kaupungin valojen j\u00e4\u00e4dess\u00e4 taakse t\u00e4hti\u00e4kin alkaa l\u00f6yty\u00e4.<\/p>\n<p>Kaverukset l\u00e4htev\u00e4t seikkailulle aurinkokuntamme halki ja viel\u00e4kin kauemmas, aina Pikkukarhun kotiseuduille saakka. Siell\u00e4 Popi tapaa Pikkukarhun \u00e4idin ja muita kuuluisia t\u00e4htihahmoja.<\/p>\n<p>Popin ja Pikkukarhun avaruusmatka on oivaltava avaruuskirja uteliaille lapsille. Kirja sis\u00e4lt\u00e4\u00e4 Pikkukarhun vinkit oman aurinkokunnan pienoismallin tekoon sek\u00e4 t\u00e4htikartat omia t\u00e4htiseikkailuja varten.<\/p>\n<p>Katso my\u00f6s Popin nettisivut osoitteessa <a href=\"http:\/\/www.ursa.fi\/popi\" target=\"_blank\" rel=\"noopener noreferrer\">www.ursa.fi\/popi<\/a>.<\/p>\n<p><a href=\"\/fileadmin\/ursa2010\/kuvat\/kirjakauppa\/popin_ja_pikkukarhun_avaruusmatka-9.jpg\" target=\"_blank\" rel=\"noopener noreferrer\"><br \/>\n<img decoding=\"async\" src=\"\/fileadmin\/ursa2010\/kuvat\/kirjakauppa\/popi_kaupungissa_p.jpg\" alt=\"\" border=\"0\" \/><\/a><br \/>\n<a href=\"\/fileadmin\/ursa2010\/kuvat\/kirjakauppa\/popin_ja_pikkukarhun_avaruusmatka-16.jpg\" target=\"_blank\" rel=\"noopener noreferrer\"><br \/>\n<img decoding=\"async\" src=\"\/fileadmin\/ursa2010\/kuvat\/kirjakauppa\/popi_tahtitaivas_p.jpg\" alt=\"\" border=\"0\" \/><\/a><\/p>\n<p>&nbsp;<\/p>\n","protected":false},"excerpt":{"rendered":"<p>Popin ja Pikkukarhun avaruusmatka on lastenkirja, jossa yhdistyv\u00e4t tarina ja tieto t\u00e4htitaivaasta ja t\u00e4hdist\u00f6ist\u00e4.<\/p>\n<p>Toistaiseksi loppu. Uusi painos tulossa. <\/p>\n","protected":false},"featured_media":10483,"comment_status":"open","ping_status":"closed","template":"","meta":[],"product_brand":[],"product_cat":[2345,1574,8],"product_tag":[],"class_list":{"0":"post-3601","1":"product","2":"type-product","3":"status-publish","4":"has-post-thumbnail","6":"product_cat-lahjaideat-lapsille-ja-nuorille","7":"product_cat-lapsille","8":"product_cat-tahtitiede","9":"product_shipping_class-kirjakauppa","10":"pa_hintavaihtoehdot-jasenhinta","11":"pa_hintavaihtoehdot-suositushinta","12":"pa_isbn-1932","13":"pa_koko-21-x-27-cm","14":"pa_sidontamalli-nid","15":"pa_sivumaara-1092","16":"pa_tekija-anttila-juhani-ja-perhoniemi-tuukka","18":"first","19":"instock","20":"taxable","21":"shipping-taxable","22":"purchasable","23":"product-type-variable","24":"has-default-attributes"},"exclude_global_add_ons":[],"addons":[],"_links":{"self":[{"href":"https:\/\/kauppa.ursa.fi\/kauppa\/wp-json\/wp\/v2\/product\/3601","targetHints":{"allow":["GET"]}}],"collection":[{"href":"https:\/\/kauppa.ursa.fi\/kauppa\/wp-json\/wp\/v2\/product"}],"about":[{"href":"https:\/\/kauppa.ursa.fi\/kauppa\/wp-json\/wp\/v2\/types\/product"}],"replies":[{"embeddable":true,"href":"https:\/\/kauppa.ursa.fi\/kauppa\/wp-json\/wp\/v2\/comments?post=3601"}],"wp:featuredmedia":[{"embeddable":true,"href":"https:\/\/kauppa.ursa.fi\/kauppa\/wp-json\/wp\/v2\/media\/10483"}],"wp:attachment":[{"href":"https:\/\/kauppa.ursa.fi\/kauppa\/wp-json\/wp\/v2\/media?parent=3601"}],"wp:term":[{"taxonomy":"product_brand","embeddable":true,"href":"https:\/\/kauppa.ursa.fi\/kauppa\/wp-json\/wp\/v2\/product_brand?post=3601"},{"taxonomy":"product_cat","embeddable":true,"href":"https:\/\/kauppa.ursa.fi\/kauppa\/wp-json\/wp\/v2\/product_cat?post=3601"},{"taxonomy":"product_tag","embeddable":true,"href":"https:\/\/kauppa.ursa.fi\/kauppa\/wp-json\/wp\/v2\/product_tag?post=3601"}],"curies":[{"name":"wp","href":"https:\/\/api.w.org\/{rel}","templated":true}]}}