 

{"id":36914,"date":"2020-10-02T15:42:46","date_gmt":"2020-10-02T12:42:46","guid":{"rendered":"https:\/\/kauppa.ursa.fi\/kauppa\/?post_type=product&#038;p=36914"},"modified":"2026-04-02T12:00:54","modified_gmt":"2026-04-02T09:00:54","slug":"kulmatahtain-napaetsimeen","status":"publish","type":"product","link":"https:\/\/kauppa.ursa.fi\/kauppa\/tuote\/kulmatahtain-napaetsimeen\/","title":{"rendered":"Kulmat\u00e4ht\u00e4in napaetsimeen"},"content":{"rendered":"<p>T\u00e4ll\u00e4 napaetsimeen kiinnitett\u00e4v\u00e4ll\u00e4 lis\u00e4varusteella parannetaan ergonomiaa napasuuntauksen aikana. Kulmat\u00e4ht\u00e4in kiinnitet\u00e4\u00e4n napaetsimeen kolmella kiristysruuvilla. Kulmat\u00e4ht\u00e4imen suuntaa voi py\u00f6ritt\u00e4\u00e4 360 astetta, parantaen ergonomiaa entisest\u00e4\u00e4n. Optiikaltaan kulmat\u00e4ht\u00e4in tarjoaa my\u00f6s mahdollisuuden suurennokseen v\u00e4lilt\u00e4 x1-2. Tarkennus on mahdollista ilman silm\u00e4laseja v\u00e4lilt\u00e4 +-4(dioptr.). Kulmat\u00e4ht\u00e4in sopii sellaisenaan ainakin Sky-watcherin seuraavien jalustojen napaetsimiin:<br \/>\n&#8211; EQ3<br \/>\n&#8211; EQ5, AZ-EQ5, HEQ5<br \/>\n&#8211; EQ6, AZ-EQ6<br \/>\n&#8211; Star Adventurer ja Star Adventurer Mini<br \/>\n&#8211; Lis\u00e4ksi kaikkiin napaetsimiin joiden okulaarin ulkohalkaisija on max 30.1mm<\/p>\n","protected":false},"excerpt":{"rendered":"<p>90 asteen kulmat\u00e4ht\u00e4in napaetsimeen ergonomian parantamiseksi. Lis\u00e4ksi suurennos v\u00e4lilt\u00e4 x1-2.<\/p>\n","protected":false},"featured_media":36915,"comment_status":"open","ping_status":"closed","template":"","meta":[],"product_brand":[],"product_cat":[16,2108],"product_tag":[],"class_list":{"0":"post-36914","1":"product","2":"type-product","3":"status-publish","4":"has-post-thumbnail","6":"product_cat-lisavarusteet","7":"product_cat-uncategorized","8":"product_shipping_class-lisavaruste","9":"pa_hintavaihtoehdot-jasenhinta","10":"pa_hintavaihtoehdot-suositushinta","11":"pa_valmistaja-skywatcher","13":"first","14":"outofstock","15":"taxable","16":"shipping-taxable","17":"purchasable","18":"product-type-variable"},"exclude_global_add_ons":[],"addons":[],"_links":{"self":[{"href":"https:\/\/kauppa.ursa.fi\/kauppa\/wp-json\/wp\/v2\/product\/36914","targetHints":{"allow":["GET"]}}],"collection":[{"href":"https:\/\/kauppa.ursa.fi\/kauppa\/wp-json\/wp\/v2\/product"}],"about":[{"href":"https:\/\/kauppa.ursa.fi\/kauppa\/wp-json\/wp\/v2\/types\/product"}],"replies":[{"embeddable":true,"href":"https:\/\/kauppa.ursa.fi\/kauppa\/wp-json\/wp\/v2\/comments?post=36914"}],"wp:featuredmedia":[{"embeddable":true,"href":"https:\/\/kauppa.ursa.fi\/kauppa\/wp-json\/wp\/v2\/media\/36915"}],"wp:attachment":[{"href":"https:\/\/kauppa.ursa.fi\/kauppa\/wp-json\/wp\/v2\/media?parent=36914"}],"wp:term":[{"taxonomy":"product_brand","embeddable":true,"href":"https:\/\/kauppa.ursa.fi\/kauppa\/wp-json\/wp\/v2\/product_brand?post=36914"},{"taxonomy":"product_cat","embeddable":true,"href":"https:\/\/kauppa.ursa.fi\/kauppa\/wp-json\/wp\/v2\/product_cat?post=36914"},{"taxonomy":"product_tag","embeddable":true,"href":"https:\/\/kauppa.ursa.fi\/kauppa\/wp-json\/wp\/v2\/product_tag?post=36914"}],"curies":[{"name":"wp","href":"https:\/\/api.w.org\/{rel}","templated":true}]}}