 

{"id":38539,"date":"2020-12-02T09:27:23","date_gmt":"2020-12-02T07:27:23","guid":{"rendered":"https:\/\/kauppa.ursa.fi\/kauppa\/?post_type=product&#038;p=38539"},"modified":"2022-02-02T14:05:02","modified_gmt":"2022-02-02T12:05:02","slug":"tiedetta-kaikille-kemia","status":"publish","type":"product","link":"https:\/\/kauppa.ursa.fi\/kauppa\/tuote\/tiedetta-kaikille-kemia\/","title":{"rendered":"Tiedett\u00e4 kaikille: Kemia"},"content":{"rendered":"<p>Ursan nuorten tietokirjasarja jatkuu viidennell\u00e4 osalla, joka kertoo kemian merkityksest\u00e4 ymp\u00e4rist\u00f6ss\u00e4mme.<\/p>\n<p>Luonnon oman kemian lis\u00e4ksi ymp\u00e4rill\u00e4mme on lukemattomia ihmisen keksimi\u00e4 kemian tuotteita. Millaista el\u00e4m\u00e4 olisi vaikka ilman muoveja, pesuaineita, maaleja, bensiini\u00e4, l\u00e4\u00e4kkeit\u00e4? Joutuisimme el\u00e4m\u00e4\u00e4n kuin antiikin aikana, paitsi ett\u00e4 silloinkin osattiin jo valmistaa metalleja ja lasia tekniikoilla, joiden kehitt\u00e4miseen on tarvittu kemiaa. Ilman kemiaa palaisimme oikeastaan aikaan ennen kivikautta. Ursan nuorten tietokirjasarjassa Tiedett\u00e4 kaikille on aiemmin ilmestynyt teokset t\u00e4htitieteest\u00e4, fysiikasta, matematiikasta ja biologiasta.<\/p>\n<p>Kirjoittaja Hannu Karttunen on mm. Tieto-Finlandialla, Tiedonjulkistamisen valtionpalkinnolla, Tietop\u00f6ll\u00f6 Nuorten tietokirjapalkinnolla ym palkittu tietokirjailija.<\/p>\n","protected":false},"excerpt":{"rendered":"<p>Tiedett\u00e4 kaikille: Kemia kertoo kemian merkityksest\u00e4 ymp\u00e4rist\u00f6ss\u00e4mme.<\/p>\n","protected":false},"featured_media":38543,"comment_status":"open","ping_status":"closed","template":"","meta":[],"product_brand":[],"product_cat":[1574,10],"product_tag":[],"class_list":{"0":"post-38539","1":"product","2":"type-product","3":"status-publish","4":"has-post-thumbnail","6":"product_cat-lapsille","7":"product_cat-muut-tietokirjat","8":"product_shipping_class-kirjakauppa","9":"pa_hintavaihtoehdot-jasenhinta","10":"pa_hintavaihtoehdot-suositushinta","11":"pa_isbn-2185","12":"pa_koko-215-x-275-cm","13":"pa_sidontamalli-sid","14":"pa_sivumaara-149","15":"pa_tekija-karttunen-hannu","17":"first","18":"instock","19":"taxable","20":"shipping-taxable","21":"purchasable","22":"product-type-variable","23":"has-default-attributes"},"exclude_global_add_ons":[],"addons":[],"_links":{"self":[{"href":"https:\/\/kauppa.ursa.fi\/kauppa\/wp-json\/wp\/v2\/product\/38539","targetHints":{"allow":["GET"]}}],"collection":[{"href":"https:\/\/kauppa.ursa.fi\/kauppa\/wp-json\/wp\/v2\/product"}],"about":[{"href":"https:\/\/kauppa.ursa.fi\/kauppa\/wp-json\/wp\/v2\/types\/product"}],"replies":[{"embeddable":true,"href":"https:\/\/kauppa.ursa.fi\/kauppa\/wp-json\/wp\/v2\/comments?post=38539"}],"wp:featuredmedia":[{"embeddable":true,"href":"https:\/\/kauppa.ursa.fi\/kauppa\/wp-json\/wp\/v2\/media\/38543"}],"wp:attachment":[{"href":"https:\/\/kauppa.ursa.fi\/kauppa\/wp-json\/wp\/v2\/media?parent=38539"}],"wp:term":[{"taxonomy":"product_brand","embeddable":true,"href":"https:\/\/kauppa.ursa.fi\/kauppa\/wp-json\/wp\/v2\/product_brand?post=38539"},{"taxonomy":"product_cat","embeddable":true,"href":"https:\/\/kauppa.ursa.fi\/kauppa\/wp-json\/wp\/v2\/product_cat?post=38539"},{"taxonomy":"product_tag","embeddable":true,"href":"https:\/\/kauppa.ursa.fi\/kauppa\/wp-json\/wp\/v2\/product_tag?post=38539"}],"curies":[{"name":"wp","href":"https:\/\/api.w.org\/{rel}","templated":true}]}}