 

{"id":49573,"date":"2021-09-29T16:54:38","date_gmt":"2021-09-29T13:54:38","guid":{"rendered":"https:\/\/kauppa.ursa.fi\/kauppa\/?post_type=product&#038;p=49573"},"modified":"2026-04-08T12:10:10","modified_gmt":"2026-04-08T09:10:10","slug":"kaiken-loppu","status":"publish","type":"product","link":"https:\/\/kauppa.ursa.fi\/kauppa\/tuote\/kaiken-loppu\/","title":{"rendered":"Kaiken loppu"},"content":{"rendered":"<p class=\"p1\">Tied\u00e4mme varmasti, ett\u00e4 maailmankaikkeus syntyi ja olemme saaneet selville tapahtumat alkuhetkien j\u00e4lkeen kohtuullisen hyvin. Mutta mik\u00e4 maailmankaikkeutta odottaa tulevaisuudessa?<span class=\"Apple-converted-space\">\u00a0<\/span><\/p>\n<p class=\"p1\">Teoreettiseen kosmologiaan erikoistunut astrofyysikko Katie Mack kuljettaa lukijansa viiden erilaisen maailmankaikkeuden lopun l\u00e4pi: universumi voi rys\u00e4ht\u00e4\u00e4 kasaan, kohdata l\u00e4mp\u00f6kuoleman, repeyty\u00e4 hajalle, pompata uuteen alkuun tai tulla seuraavan viiden minuu-tin kuluessa nielaistuksi valonnopeudella etenev\u00e4\u00e4n tyhji\u00f6n hajoamisen aiheuttamaan kuplaan ilman ennakkovaroitusta.<\/p>\n<p class=\"p1\">Mack esittelee kosmologian, kvanttimekaniikan ja s\u00e4ieteorian keskeisi\u00e4 ajatuksia ja kuvailee kuinka pienet muutokset nykyisiin k\u00e4sityksiimme voivat muuttaa tulevaisuudenn\u00e4kymi\u00e4 dramaattisesti.<\/p>\n<p class=\"p1\">Teos antaa oivaltavan l\u00e4pileikkauksen t\u00e4m\u00e4nhetkisest\u00e4 kosmologisesta tutkimuksesta ja samalla omasta paikastamme maailmankaikkeudessa.<\/p>\n<p><strong><a href=\"https:\/\/www.youtube.com\/watch?v=kJHl5Vu6vUI&amp;list=PLZ9sWJjR_MfH28kQXzELaKI1p5_Ceoqzf&amp;index=8\" target=\"_blank\" rel=\"noopener\">Katie Mackin haastattelu<\/a><br \/>\n<\/strong>(osa Ursan T\u00e4htilive-ohjelmaa Helsingin kirjamessuilta 2021)<strong><br \/>\n<\/strong><\/p>\n<p><iframe loading=\"lazy\" title=\"T\u00e4htilive: Katie Mack \u2013 Kaiken loppu (t\u00e4htitieteellisesti ottaen)\" width=\"1140\" height=\"641\" src=\"https:\/\/www.youtube.com\/embed\/kJHl5Vu6vUI?list=PLZ9sWJjR_MfH28kQXzELaKI1p5_Ceoqzf\" frameborder=\"0\" allow=\"accelerometer; autoplay; clipboard-write; encrypted-media; gyroscope; picture-in-picture; web-share\" referrerpolicy=\"strict-origin-when-cross-origin\" allowfullscreen><\/iframe><\/p>\n","protected":false},"excerpt":{"rendered":"<p><strong>Viisi maailmanloppua<br \/>\n<\/strong><\/p>\n","protected":false},"featured_media":49576,"comment_status":"open","ping_status":"closed","template":"","meta":[],"product_brand":[],"product_cat":[2346,6,8],"product_tag":[],"class_list":{"0":"post-49573","1":"product","2":"type-product","3":"status-publish","4":"has-post-thumbnail","6":"product_cat-avaruusfanille","7":"product_cat-kirjakauppa","8":"product_cat-tahtitiede","9":"product_shipping_class-kirjakauppa","10":"pa_hintavaihtoehdot-jasenhinta","11":"pa_hintavaihtoehdot-suositushinta","12":"pa_isbn-2212","14":"first","15":"instock","16":"taxable","17":"shipping-taxable","18":"purchasable","19":"product-type-variable"},"exclude_global_add_ons":[],"addons":[],"_links":{"self":[{"href":"https:\/\/kauppa.ursa.fi\/kauppa\/wp-json\/wp\/v2\/product\/49573","targetHints":{"allow":["GET"]}}],"collection":[{"href":"https:\/\/kauppa.ursa.fi\/kauppa\/wp-json\/wp\/v2\/product"}],"about":[{"href":"https:\/\/kauppa.ursa.fi\/kauppa\/wp-json\/wp\/v2\/types\/product"}],"replies":[{"embeddable":true,"href":"https:\/\/kauppa.ursa.fi\/kauppa\/wp-json\/wp\/v2\/comments?post=49573"}],"wp:featuredmedia":[{"embeddable":true,"href":"https:\/\/kauppa.ursa.fi\/kauppa\/wp-json\/wp\/v2\/media\/49576"}],"wp:attachment":[{"href":"https:\/\/kauppa.ursa.fi\/kauppa\/wp-json\/wp\/v2\/media?parent=49573"}],"wp:term":[{"taxonomy":"product_brand","embeddable":true,"href":"https:\/\/kauppa.ursa.fi\/kauppa\/wp-json\/wp\/v2\/product_brand?post=49573"},{"taxonomy":"product_cat","embeddable":true,"href":"https:\/\/kauppa.ursa.fi\/kauppa\/wp-json\/wp\/v2\/product_cat?post=49573"},{"taxonomy":"product_tag","embeddable":true,"href":"https:\/\/kauppa.ursa.fi\/kauppa\/wp-json\/wp\/v2\/product_tag?post=49573"}],"curies":[{"name":"wp","href":"https:\/\/api.w.org\/{rel}","templated":true}]}}