 

{"id":5441,"date":"2001-12-10T14:42:23","date_gmt":"2001-12-10T12:42:23","guid":{"rendered":"https:\/\/kauppa.ursa.fi\/kauppa\/tuote\/sky-watcher-skyliner-200p-kaukoputki\/"},"modified":"2026-04-23T11:58:13","modified_gmt":"2026-04-23T08:58:13","slug":"sky-watcher-skyliner-200p-kaukoputki","status":"publish","type":"product","link":"https:\/\/kauppa.ursa.fi\/kauppa\/tuote\/sky-watcher-skyliner-200p-kaukoputki\/","title":{"rendered":"Sky-Watcher Skyliner 200P -kaukoputki"},"content":{"rendered":"<p>Sky-Watcher Skyliner 200P on varustettu atsimutaalisella, ns. dobson-jalustalla. Dobson-jalusta on tukeva, ja t\u00e4llainen kaukoputki on helppo ja nopea pystytt\u00e4\u00e4: putki vain nostetaan maahan asetetun jalustaosan kehtoon ja laite on valmis havainnointiin.<\/p>\n<p>Himmeit\u00e4 sumumaisia kohteita jahtaavat syv\u00e4n taivaan harrastajat pit\u00e4v\u00e4t v\u00e4hint\u00e4\u00e4n 20 cm:n peili\u00e4 vaatimuksena t\u00e4llaisten kohteiden havainnoinnille. Skyliner 200 onkin omiaan himmeiden kohteiden tarkasteluun. Erikseen saatavana t\u00e4yden aukon aurinkosuodin, joka mahdollistaa Auringon katselun okulaarin kautta.<\/p>\n<p>Ominaisuudet:<\/p>\n<ul>\n<li>newton-peilikaukoputki<\/li>\n<li>parabolinen peili, halkaisija 203 mm<\/li>\n<li>polttov\u00e4li 1200 mm (f\/5.9)<\/li>\n<li>etsin 9&#215;50<\/li>\n<li>tarkennuslaite 1,25&#8243; (31,75 mm) \/ 2&#8243;<\/li>\n<li>atsimutaalinen dobson-tyyppinen jalusta, jossa pidikkeet okulaareille ja kantokahva<\/li>\n<li>mukana toimitettavat okulaarit 10 ja 25 mm<\/li>\n<li>suurennukset 48x ja 120x<\/li>\n<li>Putken paino: 14,4 kg, jalustan paino: 15,8 kg<\/li>\n<\/ul>\n<p>Tekniset tiedot valmistajan mukaan. Ursa pid\u00e4tt\u00e4\u00e4 oikeuden mahdollisiin muutoksiin.<\/p>\n<p>Ursasta ostetun kaukoputken hinta sis\u00e4lt\u00e4\u00e4:<\/p>\n<ul>\n<li>alkuopastuksen putken k\u00e4yt\u00f6st\u00e4, mik\u00e4li putki noudetaan Ursasta<\/li>\n<li>puhelimitse annettua neuvontaa tarvittaessa<\/li>\n<li>Olli Mannerin Kaukoputket k\u00e4ytt\u00e4j\u00e4n opas -kirjan (sh. 15,15 \u20ac)<\/li>\n<li>T\u00e4hdet -vuosikirjan (sh. 16 \u20ac)<\/li>\n<\/ul>\n<p><a href=\"https:\/\/kauppa.ursa.fi\/kauppa\/tuote-osasto\/kaukoputkikauppa\/okulaarit\/\"><b>Okulaarit<\/b><\/a><br \/>\n<a href=\"https:\/\/kauppa.ursa.fi\/kauppa\/tuote-osasto\/kaukoputkikauppa\/lisavarusteet\/\"><b>Lis\u00e4varusteet<\/b><\/a><br \/>\n<a href=\"https:\/\/kauppa.ursa.fi\/kauppa\/kaukoputken-ostajan-opas\/\">Kaukoputken ostajan opas<\/a><br \/>\n<a href=\"https:\/\/kauppa.ursa.fi\/kauppa\/okulaaritaulukko\/\">Okulaaritaulukko<\/a><\/p>\n<hr \/>\n<p><b><br \/>\nUrsan j\u00e4senen\u00e4 saat havaintov\u00e4lineet j\u00e4senhintaan, n. 10% edullisemmin.<\/b><\/p>\n<h3 class=\"keski\"><a href=\"https:\/\/kauppa.ursa.fi\/kauppa\/tuote-osasto\/jasenyys\/\" target=\"_blank\" rel=\"noopener noreferrer\">\u00bb Liity j\u00e4seneksi<\/a><\/h3>\n<hr \/>\n","protected":false},"excerpt":{"rendered":"<p>Skyliner 200 on valovoimainen dobson-jalustalla varustettu peilikaukoputki, joka on omiaan himmeiden kohteiden katseluun.<\/p>\n","protected":false},"featured_media":4601,"comment_status":"open","ping_status":"closed","template":"","meta":[],"product_brand":[],"product_cat":[14,2364,1873],"product_tag":[],"class_list":{"0":"post-5441","1":"product","2":"type-product","3":"status-publish","4":"has-post-thumbnail","6":"product_cat-kaukoputket","7":"product_cat-kaukoputket-ja-kiikarit","8":"product_cat-sumujenkatseluun","9":"product_shipping_class-havainto2","10":"pa_hintavaihtoehdot-jasenhinta","11":"pa_hintavaihtoehdot-suositushinta","12":"pa_jalustan-tyyppi-dobson","13":"pa_optiikka-newton","14":"pa_valmistaja-skywatcher","16":"first","17":"instock","18":"taxable","19":"shipping-taxable","20":"purchasable","21":"product-type-variable"},"exclude_global_add_ons":[],"addons":[],"_links":{"self":[{"href":"https:\/\/kauppa.ursa.fi\/kauppa\/wp-json\/wp\/v2\/product\/5441","targetHints":{"allow":["GET"]}}],"collection":[{"href":"https:\/\/kauppa.ursa.fi\/kauppa\/wp-json\/wp\/v2\/product"}],"about":[{"href":"https:\/\/kauppa.ursa.fi\/kauppa\/wp-json\/wp\/v2\/types\/product"}],"replies":[{"embeddable":true,"href":"https:\/\/kauppa.ursa.fi\/kauppa\/wp-json\/wp\/v2\/comments?post=5441"}],"wp:featuredmedia":[{"embeddable":true,"href":"https:\/\/kauppa.ursa.fi\/kauppa\/wp-json\/wp\/v2\/media\/4601"}],"wp:attachment":[{"href":"https:\/\/kauppa.ursa.fi\/kauppa\/wp-json\/wp\/v2\/media?parent=5441"}],"wp:term":[{"taxonomy":"product_brand","embeddable":true,"href":"https:\/\/kauppa.ursa.fi\/kauppa\/wp-json\/wp\/v2\/product_brand?post=5441"},{"taxonomy":"product_cat","embeddable":true,"href":"https:\/\/kauppa.ursa.fi\/kauppa\/wp-json\/wp\/v2\/product_cat?post=5441"},{"taxonomy":"product_tag","embeddable":true,"href":"https:\/\/kauppa.ursa.fi\/kauppa\/wp-json\/wp\/v2\/product_tag?post=5441"}],"curies":[{"name":"wp","href":"https:\/\/api.w.org\/{rel}","templated":true}]}}