 

{"id":5483,"date":"2004-08-19T14:16:41","date_gmt":"2004-08-19T11:16:41","guid":{"rendered":"https:\/\/kauppa.ursa.fi\/kauppa\/tuote\/sky-watcher-deluxe-2x-barlow\/"},"modified":"2026-04-14T11:15:51","modified_gmt":"2026-04-14T08:15:51","slug":"deluxe-2x-barlow","status":"publish","type":"product","link":"https:\/\/kauppa.ursa.fi\/kauppa\/tuote\/deluxe-2x-barlow\/","title":{"rendered":"Sky-Watcher Deluxe 2x Barlow"},"content":{"rendered":"<p>Barlow-linssi pident\u00e4\u00e4 kaukoputken objektiivin polttov\u00e4li\u00e4. T\u00e4ss\u00e4 tapauksessa kaksinkertaiseksi. Barlow asetetaan okulaarin alle (kulmapeilin ja okulaarin v\u00e4liin). Suurennuksen kasvattamisen lis\u00e4ksi barlow-linssin k\u00e4ytt\u00e4j\u00e4 siirt\u00e4\u00e4 kauemmas okulaarista kohtaa, jossa silm\u00e4 on (eye relief) ja v\u00e4hent\u00e4\u00e4 okulaarin palloaberraatiota. Sky-Watcher Deluxe Barlowissa on lis\u00e4ksi 42 mm T-kierre: ruuvaamalla linssit irti barlowia voi k\u00e4ytt\u00e4\u00e4 kamerasovitteena tai loittorenkaana (T-kierteeseen pit\u00e4\u00e4 hankkia kamerakohtainen soviterengas).<\/p>\n","protected":false},"excerpt":{"rendered":"<p>Kaukoputken polttov\u00e4lin (ja suurennuksen) kaksinkertaistava barlow-linssi.<\/p>\n","protected":false},"featured_media":4636,"comment_status":"open","ping_status":"closed","template":"","meta":[],"product_brand":[],"product_cat":[17],"product_tag":[],"class_list":{"0":"post-5483","1":"product","2":"type-product","3":"status-publish","4":"has-post-thumbnail","6":"product_cat-okulaarit","7":"product_shipping_class-lisavaruste","8":"pa_hintavaihtoehdot-jasenhinta","9":"pa_hintavaihtoehdot-suositushinta","10":"pa_valmistaja-skywatcher","12":"first","13":"instock","14":"taxable","15":"shipping-taxable","16":"purchasable","17":"product-type-variable"},"exclude_global_add_ons":[],"addons":[],"_links":{"self":[{"href":"https:\/\/kauppa.ursa.fi\/kauppa\/wp-json\/wp\/v2\/product\/5483","targetHints":{"allow":["GET"]}}],"collection":[{"href":"https:\/\/kauppa.ursa.fi\/kauppa\/wp-json\/wp\/v2\/product"}],"about":[{"href":"https:\/\/kauppa.ursa.fi\/kauppa\/wp-json\/wp\/v2\/types\/product"}],"replies":[{"embeddable":true,"href":"https:\/\/kauppa.ursa.fi\/kauppa\/wp-json\/wp\/v2\/comments?post=5483"}],"wp:featuredmedia":[{"embeddable":true,"href":"https:\/\/kauppa.ursa.fi\/kauppa\/wp-json\/wp\/v2\/media\/4636"}],"wp:attachment":[{"href":"https:\/\/kauppa.ursa.fi\/kauppa\/wp-json\/wp\/v2\/media?parent=5483"}],"wp:term":[{"taxonomy":"product_brand","embeddable":true,"href":"https:\/\/kauppa.ursa.fi\/kauppa\/wp-json\/wp\/v2\/product_brand?post=5483"},{"taxonomy":"product_cat","embeddable":true,"href":"https:\/\/kauppa.ursa.fi\/kauppa\/wp-json\/wp\/v2\/product_cat?post=5483"},{"taxonomy":"product_tag","embeddable":true,"href":"https:\/\/kauppa.ursa.fi\/kauppa\/wp-json\/wp\/v2\/product_tag?post=5483"}],"curies":[{"name":"wp","href":"https:\/\/api.w.org\/{rel}","templated":true}]}}