 

{"id":5676,"date":"2014-05-28T14:48:47","date_gmt":"2014-05-28T11:48:47","guid":{"rendered":"https:\/\/kauppa.ursa.fi\/kauppa\/tuote\/t2-adapteri-baader\/"},"modified":"2026-04-22T01:12:50","modified_gmt":"2026-04-21T22:12:50","slug":"t2-adapteri-baader","status":"publish","type":"product","link":"https:\/\/kauppa.ursa.fi\/kauppa\/tuote\/t2-adapteri-baader\/","title":{"rendered":"T2-adapteri"},"content":{"rendered":"<p>Valokuvataksesi kaukoputkella j\u00e4rjestelm\u00e4kameraa k\u00e4ytt\u00e4en tarvitset T2-adapterin. J\u00e4rjestelm\u00e4kameran objektiiviin tilalle kiinnitet\u00e4\u00e4n kameran runkoon sopiva adapteri, jonka toisessa p\u00e4\u00e4ss\u00e4 on T2-kierre. T\u00e4m\u00e4 on yleinen kierrekoko kaukoputkissa ja niiden lis\u00e4varusteissa. T\u00e4ll\u00e4 kiinnityksell\u00e4 kaukoputki toimii objektiivina j\u00e4rjestelm\u00e4kameralle.<\/p>\n","protected":false},"excerpt":{"rendered":"<p>T2-adapteri j\u00e4rjestelm\u00e4kameran runkoon. Saatavissa Canonin ja Nikonin runkoihin. Mainitse t\u00e4st\u00e4 tilauksen lis\u00e4tiedoissa.<\/p>\n","protected":false},"featured_media":4800,"comment_status":"open","ping_status":"closed","template":"","meta":[],"product_brand":[],"product_cat":[16],"product_tag":[],"class_list":{"0":"post-5676","1":"product","2":"type-product","3":"status-publish","4":"has-post-thumbnail","6":"product_cat-lisavarusteet","7":"product_shipping_class-lisavaruste","8":"pa_hintavaihtoehdot-jasenhinta","9":"pa_hintavaihtoehdot-suositushinta","11":"first","12":"instock","13":"taxable","14":"shipping-taxable","15":"purchasable","16":"product-type-variable"},"exclude_global_add_ons":false,"addons":[{"name":"J\u00e4rjestelm\u00e4kameran runko","type":"multiple_choice","position":0,"required":true,"title_format":"heading","default":"","description_enable":false,"description":"","placeholder_enable":false,"placeholder":"","display":"radiobutton","restrictions_type":"any_text","adjust_price":false,"price":"","price_type":"flat_fee","restrictions":false,"min":"0","max":"0","options":[{"label":"Canon EOS","price":"","price_type":"quantity_based","image":0,"visibility":true},{"label":"Nikon AI","price":"","price_type":"quantity_based","image":0,"visibility":true}],"id":1727173425}],"_links":{"self":[{"href":"https:\/\/kauppa.ursa.fi\/kauppa\/wp-json\/wp\/v2\/product\/5676","targetHints":{"allow":["GET"]}}],"collection":[{"href":"https:\/\/kauppa.ursa.fi\/kauppa\/wp-json\/wp\/v2\/product"}],"about":[{"href":"https:\/\/kauppa.ursa.fi\/kauppa\/wp-json\/wp\/v2\/types\/product"}],"replies":[{"embeddable":true,"href":"https:\/\/kauppa.ursa.fi\/kauppa\/wp-json\/wp\/v2\/comments?post=5676"}],"wp:featuredmedia":[{"embeddable":true,"href":"https:\/\/kauppa.ursa.fi\/kauppa\/wp-json\/wp\/v2\/media\/4800"}],"wp:attachment":[{"href":"https:\/\/kauppa.ursa.fi\/kauppa\/wp-json\/wp\/v2\/media?parent=5676"}],"wp:term":[{"taxonomy":"product_brand","embeddable":true,"href":"https:\/\/kauppa.ursa.fi\/kauppa\/wp-json\/wp\/v2\/product_brand?post=5676"},{"taxonomy":"product_cat","embeddable":true,"href":"https:\/\/kauppa.ursa.fi\/kauppa\/wp-json\/wp\/v2\/product_cat?post=5676"},{"taxonomy":"product_tag","embeddable":true,"href":"https:\/\/kauppa.ursa.fi\/kauppa\/wp-json\/wp\/v2\/product_tag?post=5676"}],"curies":[{"name":"wp","href":"https:\/\/api.w.org\/{rel}","templated":true}]}}