 

{"id":7626,"date":"2015-12-04T15:48:59","date_gmt":"2015-12-04T13:48:59","guid":{"rendered":"https:\/\/kauppa.ursa.fi\/kauppa\/?post_type=product&#038;p=7626"},"modified":"2026-04-08T11:53:37","modified_gmt":"2026-04-08T08:53:37","slug":"fotomate-vt-680-222-jalusta","status":"publish","type":"product","link":"https:\/\/kauppa.ursa.fi\/kauppa\/tuote\/fotomate-vt-680-222-jalusta\/","title":{"rendered":"Fotomate VT 680 222 jalusta"},"content":{"rendered":"<p>T\u00e4hti\u00e4 katsellessa kiikari vaatii tukea. Jalusta nousee tarpeeksi korkeaksi (197 cm t\u00e4ydess\u00e4 pituudessa), jotta katsoja mahtuu seisomaan suorana vaikka kiikari olisi suunnattu l\u00e4helle taivaanlakea. Tavallisen kamerajalustan korkeus on tyypillisesti vain n. 150 cm.<\/p>\n<p>Jalustan tekniset tiedot:<\/p>\n<ul>\n<li>Max. korkeus 197cm<\/li>\n<li>Vaimennettu tukeva videop\u00e4\u00e4<\/li>\n<li>Kantavuus 8 kg<\/li>\n<li>Omapaino 5 kg<\/li>\n<li>Sis. kantolaukun<\/li>\n<\/ul>\n<p>&nbsp;<\/p>\n<p><a href=\"https:\/\/kauppa.ursa.fi\/kauppa\/wp-content\/uploads\/2016\/11\/Fotomate_TA0216.pdf\" target=\"_blank\" rel=\"noopener noreferrer\"><img loading=\"lazy\" decoding=\"async\" class=\"size-full wp-image-11736 alignleft\" src=\"https:\/\/kauppa.ursa.fi\/kauppa\/wp-content\/uploads\/2016\/11\/arvionappi_p.png\" alt=\"arvionappi_p\" width=\"85\" height=\"60\" \/><\/a> <span style=\"color: #3366ff;\"><a style=\"color: #3366ff;\" href=\"https:\/\/kauppa.ursa.fi\/kauppa\/wp-content\/uploads\/2016\/11\/Fotomate_TA0216.pdf\" target=\"_blank\" rel=\"noopener noreferrer\">Markus Hotakaisen arvio<br \/>\nT\u00e4hdet ja avaruus 2\/2016<\/a><\/span><\/p>\n<p>&nbsp;<\/p>\n<p>&nbsp;<\/p>\n","protected":false},"excerpt":{"rendered":"<p>Korkeaksi nouseva ja tukeva jalusta t\u00e4htikiikareita varten. Sis\u00e4lt\u00e4\u00e4 kuljetuslaukun.<\/p>\n","protected":false},"featured_media":7631,"comment_status":"open","ping_status":"closed","template":"","meta":[],"product_brand":[],"product_cat":[2064,2364,15],"product_tag":[],"class_list":{"0":"post-7626","1":"product","2":"type-product","3":"status-publish","4":"has-post-thumbnail","6":"product_cat-jalustat","7":"product_cat-kaukoputket-ja-kiikarit","8":"product_cat-kiikarit-ja-niiden-jalustat","9":"product_shipping_class-kiikarit","10":"pa_hintavaihtoehdot-jasenhinta","11":"pa_hintavaihtoehdot-suositushinta","12":"pa_valmistaja-fotomate","14":"first","15":"instock","16":"taxable","17":"shipping-taxable","18":"purchasable","19":"product-type-variable"},"exclude_global_add_ons":[],"addons":[],"_links":{"self":[{"href":"https:\/\/kauppa.ursa.fi\/kauppa\/wp-json\/wp\/v2\/product\/7626","targetHints":{"allow":["GET"]}}],"collection":[{"href":"https:\/\/kauppa.ursa.fi\/kauppa\/wp-json\/wp\/v2\/product"}],"about":[{"href":"https:\/\/kauppa.ursa.fi\/kauppa\/wp-json\/wp\/v2\/types\/product"}],"replies":[{"embeddable":true,"href":"https:\/\/kauppa.ursa.fi\/kauppa\/wp-json\/wp\/v2\/comments?post=7626"}],"wp:featuredmedia":[{"embeddable":true,"href":"https:\/\/kauppa.ursa.fi\/kauppa\/wp-json\/wp\/v2\/media\/7631"}],"wp:attachment":[{"href":"https:\/\/kauppa.ursa.fi\/kauppa\/wp-json\/wp\/v2\/media?parent=7626"}],"wp:term":[{"taxonomy":"product_brand","embeddable":true,"href":"https:\/\/kauppa.ursa.fi\/kauppa\/wp-json\/wp\/v2\/product_brand?post=7626"},{"taxonomy":"product_cat","embeddable":true,"href":"https:\/\/kauppa.ursa.fi\/kauppa\/wp-json\/wp\/v2\/product_cat?post=7626"},{"taxonomy":"product_tag","embeddable":true,"href":"https:\/\/kauppa.ursa.fi\/kauppa\/wp-json\/wp\/v2\/product_tag?post=7626"}],"curies":[{"name":"wp","href":"https:\/\/api.w.org\/{rel}","templated":true}]}}