 

{"id":99719,"date":"2024-12-16T15:00:04","date_gmt":"2024-12-16T13:00:04","guid":{"rendered":"https:\/\/kauppa.ursa.fi\/kauppa\/?post_type=product&#038;p=99719"},"modified":"2026-04-01T11:24:20","modified_gmt":"2026-04-01T08:24:20","slug":"eq-al55i","status":"publish","type":"product","link":"https:\/\/kauppa.ursa.fi\/kauppa\/tuote\/eq-al55i\/","title":{"rendered":"EQ-AL55i"},"content":{"rendered":"<p>Uusi tukeva jalusta on ohjattavissa joko wifi- tai bluetooth-yhteyden avulla k\u00e4ytt\u00e4en Synscan sovellusta. Sovellus on ladattavissa Android- ja iOS-laitteille.<\/p>\n<p>Jalustan uusittu latitudin s\u00e4\u00e4t\u00f6 mahdollistaa s\u00e4\u00e4d\u00f6n jopa 75ast leveyspiirille k\u00e4ytt\u00e4en napat\u00e4ht\u00e4int\u00e4. Jalusta on pystytett\u00e4viss\u00e4 sek\u00e4 ekvatoriaalisesti ett\u00e4 atsimutaalisesti. Jalusta on tukevampi kuin EQ5-jalustan goto versio. Kantokyky\u00e4 on per\u00e4ti 10kg verran joten jalustalla on t\u00e4ysi potentiaali laadukkaaseen t\u00e4htikuvaukseen. Ohjattavuus bluetooth-yhteydell\u00e4 mahdollistaa ohjauslaitteen yhdist\u00e4misen wifi-verkolla samanaikaisesti nettiin.<\/p>\n<p>K\u00e4ytt\u00e4\u00e4 12V 2A virtal\u00e4hdett\u00e4. Vastapainoina on 1.8kg ja 3.5kg painot.<\/p>\n","protected":false},"excerpt":{"rendered":"<p>Uutuus! Tukeva goto-jalusta Suomen leveyspiireille.<\/p>\n<p>TILAUSTUOTE!<\/p>\n","protected":false},"featured_media":99717,"comment_status":"open","ping_status":"closed","template":"","meta":[],"product_brand":[],"product_cat":[2064,7,1871],"product_tag":[],"class_list":{"0":"post-99719","1":"product","2":"type-product","3":"status-publish","4":"has-post-thumbnail","6":"product_cat-jalustat","7":"product_cat-kaukoputkikauppa","8":"product_cat-valokuvaukseen","9":"product_shipping_class-havainto","10":"pa_hintavaihtoehdot-jasenhinta","11":"pa_hintavaihtoehdot-suositushinta","12":"pa_jalustan-tyyppi-automaattinen","13":"pa_jalustan-tyyppi-ekvatoriaalinen","14":"pa_valmistaja-skywatcher","16":"first","17":"instock","18":"taxable","19":"shipping-taxable","20":"purchasable","21":"product-type-variable"},"exclude_global_add_ons":[],"addons":[],"_links":{"self":[{"href":"https:\/\/kauppa.ursa.fi\/kauppa\/wp-json\/wp\/v2\/product\/99719","targetHints":{"allow":["GET"]}}],"collection":[{"href":"https:\/\/kauppa.ursa.fi\/kauppa\/wp-json\/wp\/v2\/product"}],"about":[{"href":"https:\/\/kauppa.ursa.fi\/kauppa\/wp-json\/wp\/v2\/types\/product"}],"replies":[{"embeddable":true,"href":"https:\/\/kauppa.ursa.fi\/kauppa\/wp-json\/wp\/v2\/comments?post=99719"}],"wp:featuredmedia":[{"embeddable":true,"href":"https:\/\/kauppa.ursa.fi\/kauppa\/wp-json\/wp\/v2\/media\/99717"}],"wp:attachment":[{"href":"https:\/\/kauppa.ursa.fi\/kauppa\/wp-json\/wp\/v2\/media?parent=99719"}],"wp:term":[{"taxonomy":"product_brand","embeddable":true,"href":"https:\/\/kauppa.ursa.fi\/kauppa\/wp-json\/wp\/v2\/product_brand?post=99719"},{"taxonomy":"product_cat","embeddable":true,"href":"https:\/\/kauppa.ursa.fi\/kauppa\/wp-json\/wp\/v2\/product_cat?post=99719"},{"taxonomy":"product_tag","embeddable":true,"href":"https:\/\/kauppa.ursa.fi\/kauppa\/wp-json\/wp\/v2\/product_tag?post=99719"}],"curies":[{"name":"wp","href":"https:\/\/api.w.org\/{rel}","templated":true}]}}